{"id":99997,"date":"2025-11-12T12:26:26","date_gmt":"2025-11-12T11:26:26","guid":{"rendered":"https:\/\/www.ernstbrunn-apotheke.at\/katalog\/produkt\/easyear-ohrentropfen\/"},"modified":"2025-12-08T21:08:57","modified_gmt":"2025-12-08T20:08:57","slug":"easyear-ohrentropfen","status":"publish","type":"product","link":"https:\/\/www.ernstbrunn-apotheke.at\/katalog\/produkt\/easyear-ohrentropfen\/","title":{"rendered":"Easyear Ohrentropfen"},"content":{"rendered":"<p>Easyear Ohrentropfen lindern Schmerz und Juckreiz im \u00e4u\u00dferen Ohr und unterst\u00fctzt bei der Heilung von Ohrenentz\u00fcndungen. Diese Ohrentropfen sind ein Medizinprodukt, dessen Wirkung auf den osmotischen Eigenschaften von Glycerin beruht. Zus\u00e4tzlich enthalten die Ohrentropfen Lidocainhydrochlorid, ein oberfl\u00e4chlich schmerzstillendes Hilfsmittel, das die Wirkung des Glycerins verst\u00e4rkt und Ohrenschmerzen lindert.<\/p>\n","protected":false},"excerpt":{"rendered":"<p>Easyear Ohrentropfen lindern Schmerz und Juckreiz im \u00e4u\u00dferen Ohr und unterst\u00fctzt bei der Heilung von Ohrenentz\u00fcndungen. Diese Ohrentropfen sind ein Medizinprodukt, dessen Wirkung auf den osmotischen Eigenschaften von Glycerin beruht. Zus\u00e4tzlich enthalten die Ohrentropfen Lidocainhydrochlorid, ein oberfl\u00e4chlich schmerzstillendes Hilfsmittel, das die Wirkung des Glycerins verst\u00e4rkt und Ohrenschmerzen lindert.<\/p>\n","protected":false},"featured_media":0,"template":"","meta":{"_acf_changed":false},"product_brand":[367],"product_cat":[794],"product_tag":[],"class_list":{"0":"post-99997","1":"product","2":"type-product","3":"status-publish","5":"product_brand-easypharm","6":"product_cat-e","7":"pa_packungsgroesse-7g","9":"first","10":"instock","11":"shipping-taxable","12":"purchasable","13":"product-type-simple"},"acf":[],"_links":{"self":[{"href":"https:\/\/www.ernstbrunn-apotheke.at\/katalog\/wp-json\/wp\/v2\/product\/99997","targetHints":{"allow":["GET"]}}],"collection":[{"href":"https:\/\/www.ernstbrunn-apotheke.at\/katalog\/wp-json\/wp\/v2\/product"}],"about":[{"href":"https:\/\/www.ernstbrunn-apotheke.at\/katalog\/wp-json\/wp\/v2\/types\/product"}],"wp:attachment":[{"href":"https:\/\/www.ernstbrunn-apotheke.at\/katalog\/wp-json\/wp\/v2\/media?parent=99997"}],"wp:term":[{"taxonomy":"product_brand","embeddable":true,"href":"https:\/\/www.ernstbrunn-apotheke.at\/katalog\/wp-json\/wp\/v2\/product_brand?post=99997"},{"taxonomy":"product_cat","embeddable":true,"href":"https:\/\/www.ernstbrunn-apotheke.at\/katalog\/wp-json\/wp\/v2\/product_cat?post=99997"},{"taxonomy":"product_tag","embeddable":true,"href":"https:\/\/www.ernstbrunn-apotheke.at\/katalog\/wp-json\/wp\/v2\/product_tag?post=99997"}],"curies":[{"name":"wp","href":"https:\/\/api.w.org\/{rel}","templated":true}]}}