{"id":99786,"date":"2025-11-12T12:20:33","date_gmt":"2025-11-12T11:20:33","guid":{"rendered":"https:\/\/www.ernstbrunn-apotheke.at\/katalog\/produkt\/primavera-gluecksgefuehl-duftmischung\/"},"modified":"2025-12-08T21:08:03","modified_gmt":"2025-12-08T20:08:03","slug":"primavera-gluecksgefuehl-duftmischung","status":"publish","type":"product","link":"https:\/\/www.ernstbrunn-apotheke.at\/katalog\/produkt\/primavera-gluecksgefuehl-duftmischung\/","title":{"rendered":"Primavera Gl\u00fccksgef\u00fchl Duftmischung"},"content":{"rendered":"<p>Primavera Duftmischung Gl\u00fccksgef\u00fchle &#8211; ob kostbare Ich-Zeit, die wir uns ganz bewusst schenken oder gemeinsame Momente mit unseren Liebsten &#8211; Gl\u00fcck hat viele Facetten und kann auf unterschiedliche Weise empfunden werden. Die Duftmischung mit der duftenden Mischung aus Mandarine, Grapefruit und Tonka schafft die richtige Atmosph\u00e4re, um Gl\u00fccksgef\u00fchle zu teilen oder ganz f\u00fcr sich zu erleben.<\/p>\n","protected":false},"excerpt":{"rendered":"<p>Primavera Duftmischung Gl\u00fccksgef\u00fchle &#8211; ob kostbare Ich-Zeit, die wir uns ganz bewusst schenken oder gemeinsame Momente mit unseren Liebsten &#8211; Gl\u00fcck hat viele Facetten und kann auf unterschiedliche Weise empfunden werden. Die Duftmischung mit der duftenden Mischung aus Mandarine, Grapefruit und Tonka schafft die richtige Atmosph\u00e4re, um Gl\u00fccksgef\u00fchle zu teilen oder ganz f\u00fcr sich zu [&hellip;]<\/p>\n","protected":false},"featured_media":99788,"template":"","meta":{"_acf_changed":false},"product_brand":[806],"product_cat":[793],"product_tag":[],"class_list":{"0":"post-99786","1":"product","2":"type-product","3":"status-publish","4":"has-post-thumbnail","6":"product_brand-primavera","7":"product_cat-p","8":"pa_packungsgroesse-5ml","10":"first","11":"instock","12":"shipping-taxable","13":"purchasable","14":"product-type-simple"},"acf":[],"_links":{"self":[{"href":"https:\/\/www.ernstbrunn-apotheke.at\/katalog\/wp-json\/wp\/v2\/product\/99786","targetHints":{"allow":["GET"]}}],"collection":[{"href":"https:\/\/www.ernstbrunn-apotheke.at\/katalog\/wp-json\/wp\/v2\/product"}],"about":[{"href":"https:\/\/www.ernstbrunn-apotheke.at\/katalog\/wp-json\/wp\/v2\/types\/product"}],"wp:featuredmedia":[{"embeddable":true,"href":"https:\/\/www.ernstbrunn-apotheke.at\/katalog\/wp-json\/wp\/v2\/media\/99788"}],"wp:attachment":[{"href":"https:\/\/www.ernstbrunn-apotheke.at\/katalog\/wp-json\/wp\/v2\/media?parent=99786"}],"wp:term":[{"taxonomy":"product_brand","embeddable":true,"href":"https:\/\/www.ernstbrunn-apotheke.at\/katalog\/wp-json\/wp\/v2\/product_brand?post=99786"},{"taxonomy":"product_cat","embeddable":true,"href":"https:\/\/www.ernstbrunn-apotheke.at\/katalog\/wp-json\/wp\/v2\/product_cat?post=99786"},{"taxonomy":"product_tag","embeddable":true,"href":"https:\/\/www.ernstbrunn-apotheke.at\/katalog\/wp-json\/wp\/v2\/product_tag?post=99786"}],"curies":[{"name":"wp","href":"https:\/\/api.w.org\/{rel}","templated":true}]}}