{"id":99661,"date":"2025-11-12T12:16:58","date_gmt":"2025-11-12T11:16:58","guid":{"rendered":"https:\/\/www.ernstbrunn-apotheke.at\/katalog\/produkt\/pure-encapsulations-all-in-one-50-kapseln\/"},"modified":"2025-12-08T21:07:28","modified_gmt":"2025-12-08T20:07:28","slug":"pure-encapsulations-all-in-one-50-kapseln","status":"publish","type":"product","link":"https:\/\/www.ernstbrunn-apotheke.at\/katalog\/produkt\/pure-encapsulations-all-in-one-50-kapseln\/","title":{"rendered":"Pure Encapsulations All &#8211; In &#8211; One 50+ Kapseln"},"content":{"rendered":"<p>Mit dem Lebensalter ver\u00e4ndert sich so einiges: Vom Stoffwechsel, \u00fcber das Immunsystem hin zu den Ern\u00e4hrungsgewohnheiten. Gesundes und aktives \u00c4lterwerden ist f\u00fcr viele ein wichtigespers\u00f6nliches Ziel.All-in-one 50+ ist eine ma\u00dfgeschneiderte Mikron\u00e4hrstoffkombination f\u00fcr die t\u00e4gliche Basisversorgung mit Vitaminen, Mineralstoffen und Spurenelementen. Aber auch in Zeiten des erh\u00f6hten Bedarfs ist es ein wertvoller Begleiter einer ausgewogenen Ern\u00e4hrung. Cholin in All-in-one 50+ ist f\u00fcr die Leberfunktion und den Fettstoffwechsel wichtig. Zus\u00e4tzlich arbeitet es gemeinsam mit den Vitaminen B6, B12 und Folat am Homocysteinabbau. Vitamin B12 wird auch von den Nerven gebraucht. F\u00fcr die Sehkraft enth\u00e4lt die N\u00e4hrstoff-Formel Vitamin A und f\u00fcr das Immunsystem Zink sowie die Vitamine C und D. Das Sonnenvitamin sorgt, gemeinsam mit Calcium, auch f\u00fcr starke Knochen. Als Extra beinhaltet All-in-one 50+ bioaktives CoQ10 sowie Lutein und Zeaxanthin&#8230;<\/p>\n","protected":false},"excerpt":{"rendered":"<p>Mit dem Lebensalter ver\u00e4ndert sich so einiges: Vom Stoffwechsel, \u00fcber das Immunsystem hin zu den Ern\u00e4hrungsgewohnheiten. Gesundes und aktives \u00c4lterwerden ist f\u00fcr viele ein wichtigespers\u00f6nliches Ziel.All-in-one 50+ ist eine ma\u00dfgeschneiderte Mikron\u00e4hrstoffkombination f\u00fcr die t\u00e4gliche Basisversorgung mit Vitaminen, Mineralstoffen und Spurenelementen. Aber auch in Zeiten des erh\u00f6hten Bedarfs ist es ein wertvoller Begleiter einer ausgewogenen Ern\u00e4hrung. [&hellip;]<\/p>\n","protected":false},"featured_media":99663,"template":"","meta":{"_acf_changed":false},"product_brand":[336],"product_cat":[793],"product_tag":[],"class_list":{"0":"post-99661","1":"product","2":"type-product","3":"status-publish","4":"has-post-thumbnail","6":"product_brand-pure-encapsulations","7":"product_cat-p","8":"pa_packungsgroesse-60-stueck","10":"first","11":"instock","12":"shipping-taxable","13":"purchasable","14":"product-type-simple"},"acf":[],"_links":{"self":[{"href":"https:\/\/www.ernstbrunn-apotheke.at\/katalog\/wp-json\/wp\/v2\/product\/99661","targetHints":{"allow":["GET"]}}],"collection":[{"href":"https:\/\/www.ernstbrunn-apotheke.at\/katalog\/wp-json\/wp\/v2\/product"}],"about":[{"href":"https:\/\/www.ernstbrunn-apotheke.at\/katalog\/wp-json\/wp\/v2\/types\/product"}],"wp:featuredmedia":[{"embeddable":true,"href":"https:\/\/www.ernstbrunn-apotheke.at\/katalog\/wp-json\/wp\/v2\/media\/99663"}],"wp:attachment":[{"href":"https:\/\/www.ernstbrunn-apotheke.at\/katalog\/wp-json\/wp\/v2\/media?parent=99661"}],"wp:term":[{"taxonomy":"product_brand","embeddable":true,"href":"https:\/\/www.ernstbrunn-apotheke.at\/katalog\/wp-json\/wp\/v2\/product_brand?post=99661"},{"taxonomy":"product_cat","embeddable":true,"href":"https:\/\/www.ernstbrunn-apotheke.at\/katalog\/wp-json\/wp\/v2\/product_cat?post=99661"},{"taxonomy":"product_tag","embeddable":true,"href":"https:\/\/www.ernstbrunn-apotheke.at\/katalog\/wp-json\/wp\/v2\/product_tag?post=99661"}],"curies":[{"name":"wp","href":"https:\/\/api.w.org\/{rel}","templated":true}]}}