{"id":9951,"date":"2025-11-07T14:08:02","date_gmt":"2025-11-07T13:08:02","guid":{"rendered":"https:\/\/www.ernstbrunn-apotheke.at\/katalog\/produkt\/hafesan-kuerbiskern-vitamin-e-kapseln-75-stk\/"},"modified":"2025-12-08T13:28:39","modified_gmt":"2025-12-08T12:28:39","slug":"hafesan-kuerbiskern-vitamin-e-kapseln-75-stk","status":"publish","type":"product","link":"https:\/\/www.ernstbrunn-apotheke.at\/katalog\/produkt\/hafesan-kuerbiskern-vitamin-e-kapseln-75-stk\/","title":{"rendered":"Hafesan K\u00fcrbiskern + Vitamin E Kapseln 75 Stk."},"content":{"rendered":"<p>Hafesan\u00ae K\u00fcrbiskern + Vitamin E Kapseln st\u00e4rken die Blase und sch\u00fctzen die Prostata des Mannes. Sie st\u00e4rken die Immunabwehr und sch\u00fctzen den K\u00f6rper vor sch\u00e4dlichen freien Radikalen.<\/p>\n","protected":false},"excerpt":{"rendered":"<p>Hafesan\u00ae K\u00fcrbiskern + Vitamin E Kapseln st\u00e4rken die Blase und sch\u00fctzen die Prostata des Mannes. Sie st\u00e4rken die Immunabwehr und sch\u00fctzen den K\u00f6rper vor sch\u00e4dlichen freien Radikalen.<\/p>\n","protected":false},"featured_media":9953,"template":"","meta":{"_acf_changed":false},"product_brand":[376],"product_cat":[805],"product_tag":[],"class_list":{"0":"post-9951","1":"product","2":"type-product","3":"status-publish","4":"has-post-thumbnail","6":"product_brand-hafesan","7":"product_cat-h","8":"pa_packungsgroesse-75-stueck","10":"first","11":"instock","12":"shipping-taxable","13":"purchasable","14":"product-type-simple"},"acf":[],"_links":{"self":[{"href":"https:\/\/www.ernstbrunn-apotheke.at\/katalog\/wp-json\/wp\/v2\/product\/9951","targetHints":{"allow":["GET"]}}],"collection":[{"href":"https:\/\/www.ernstbrunn-apotheke.at\/katalog\/wp-json\/wp\/v2\/product"}],"about":[{"href":"https:\/\/www.ernstbrunn-apotheke.at\/katalog\/wp-json\/wp\/v2\/types\/product"}],"wp:featuredmedia":[{"embeddable":true,"href":"https:\/\/www.ernstbrunn-apotheke.at\/katalog\/wp-json\/wp\/v2\/media\/9953"}],"wp:attachment":[{"href":"https:\/\/www.ernstbrunn-apotheke.at\/katalog\/wp-json\/wp\/v2\/media?parent=9951"}],"wp:term":[{"taxonomy":"product_brand","embeddable":true,"href":"https:\/\/www.ernstbrunn-apotheke.at\/katalog\/wp-json\/wp\/v2\/product_brand?post=9951"},{"taxonomy":"product_cat","embeddable":true,"href":"https:\/\/www.ernstbrunn-apotheke.at\/katalog\/wp-json\/wp\/v2\/product_cat?post=9951"},{"taxonomy":"product_tag","embeddable":true,"href":"https:\/\/www.ernstbrunn-apotheke.at\/katalog\/wp-json\/wp\/v2\/product_tag?post=9951"}],"curies":[{"name":"wp","href":"https:\/\/api.w.org\/{rel}","templated":true}]}}