{"id":9861,"date":"2025-11-07T14:06:23","date_gmt":"2025-11-07T13:06:23","guid":{"rendered":"https:\/\/www.ernstbrunn-apotheke.at\/katalog\/produkt\/a-vogel-prostasan-kapseln-30-stk\/"},"modified":"2025-12-08T13:28:29","modified_gmt":"2025-12-08T12:28:29","slug":"a-vogel-prostasan-kapseln-30-stk","status":"publish","type":"product","link":"https:\/\/www.ernstbrunn-apotheke.at\/katalog\/produkt\/a-vogel-prostasan-kapseln-30-stk\/","title":{"rendered":"A.Vogel Prostasan Kapseln 30 Stk."},"content":{"rendered":"<p>Prostasan Kapseln werden zur unterst\u00fctzenden Therapie von leichten Beschwerden beim Harnlassen bei M\u00e4nnern angewandt. Dazu z\u00e4hlen etwa h\u00e4ufiger Harndrang w\u00e4hrend des Tages oder Nachts und die Abschw\u00e4chung des Harnstrahls oder Nachtr\u00e4ufeln des Harns. Diese Kapseln erhalten Sie in den Packungsgr\u00f6\u00dfen 30 und 90 St\u00fcck.<\/p>\n","protected":false},"excerpt":{"rendered":"<p>Prostasan Kapseln werden zur unterst\u00fctzenden Therapie von leichten Beschwerden beim Harnlassen bei M\u00e4nnern angewandt. Dazu z\u00e4hlen etwa h\u00e4ufiger Harndrang w\u00e4hrend des Tages oder Nachts und die Abschw\u00e4chung des Harnstrahls oder Nachtr\u00e4ufeln des Harns. Diese Kapseln erhalten Sie in den Packungsgr\u00f6\u00dfen 30 und 90 St\u00fcck.<\/p>\n","protected":false},"featured_media":9863,"template":"","meta":{"_acf_changed":false},"product_brand":[],"product_cat":[801],"product_tag":[],"class_list":{"0":"post-9861","1":"product","2":"type-product","3":"status-publish","4":"has-post-thumbnail","6":"product_cat-a","7":"pa_packungsgroesse-30-stueck","9":"first","10":"instock","11":"shipping-taxable","12":"purchasable","13":"product-type-simple"},"acf":[],"_links":{"self":[{"href":"https:\/\/www.ernstbrunn-apotheke.at\/katalog\/wp-json\/wp\/v2\/product\/9861","targetHints":{"allow":["GET"]}}],"collection":[{"href":"https:\/\/www.ernstbrunn-apotheke.at\/katalog\/wp-json\/wp\/v2\/product"}],"about":[{"href":"https:\/\/www.ernstbrunn-apotheke.at\/katalog\/wp-json\/wp\/v2\/types\/product"}],"wp:featuredmedia":[{"embeddable":true,"href":"https:\/\/www.ernstbrunn-apotheke.at\/katalog\/wp-json\/wp\/v2\/media\/9863"}],"wp:attachment":[{"href":"https:\/\/www.ernstbrunn-apotheke.at\/katalog\/wp-json\/wp\/v2\/media?parent=9861"}],"wp:term":[{"taxonomy":"product_brand","embeddable":true,"href":"https:\/\/www.ernstbrunn-apotheke.at\/katalog\/wp-json\/wp\/v2\/product_brand?post=9861"},{"taxonomy":"product_cat","embeddable":true,"href":"https:\/\/www.ernstbrunn-apotheke.at\/katalog\/wp-json\/wp\/v2\/product_cat?post=9861"},{"taxonomy":"product_tag","embeddable":true,"href":"https:\/\/www.ernstbrunn-apotheke.at\/katalog\/wp-json\/wp\/v2\/product_tag?post=9861"}],"curies":[{"name":"wp","href":"https:\/\/api.w.org\/{rel}","templated":true}]}}