{"id":97395,"date":"2025-11-12T11:29:43","date_gmt":"2025-11-12T10:29:43","guid":{"rendered":"https:\/\/www.ernstbrunn-apotheke.at\/katalog\/produkt\/nuxe-nuxuriance-gold-serum-30-ml\/"},"modified":"2025-12-08T20:53:18","modified_gmt":"2025-12-08T19:53:18","slug":"nuxe-nuxuriance-gold-serum-30-ml","status":"publish","type":"product","link":"https:\/\/www.ernstbrunn-apotheke.at\/katalog\/produkt\/nuxe-nuxuriance-gold-serum-30-ml\/","title":{"rendered":"Nuxe Nuxuriance Gold Serum 30 ml"},"content":{"rendered":"<p>Dieses n\u00e4hrende, belebende Serum mit einer samtweichen Textur basiert auf der Kombination der Kraft der bifloralen Zellen von Safran und Bougainvillea, dem \u00d6lwirkstoff Ol\u00e9actif des Roten Fackelingwers und einem nat\u00fcrlich n\u00e4hrenden rekonstituierenden Komplex f\u00fcr eine absolute Anti-Aging-Wirkung. Tag f\u00fcr Tag wird die Haut regeneriert: Sie wird glatter, fester und sieht weniger pergamentartig aus. Sie wird gest\u00e4rkt und strahlt. Der Teint sieht sch\u00f6ner aus, voller Leben.<\/p>\n","protected":false},"excerpt":{"rendered":"<p>Dieses n\u00e4hrende, belebende Serum mit einer samtweichen Textur basiert auf der Kombination der Kraft der bifloralen Zellen von Safran und Bougainvillea, dem \u00d6lwirkstoff Ol\u00e9actif des Roten Fackelingwers und einem nat\u00fcrlich n\u00e4hrenden rekonstituierenden Komplex f\u00fcr eine absolute Anti-Aging-Wirkung. Tag f\u00fcr Tag wird die Haut regeneriert: Sie wird glatter, fester und sieht weniger pergamentartig aus. Sie wird [&hellip;]<\/p>\n","protected":false},"featured_media":97397,"template":"","meta":{"_acf_changed":false},"product_brand":[705],"product_cat":[797],"product_tag":[],"class_list":{"0":"post-97395","1":"product","2":"type-product","3":"status-publish","4":"has-post-thumbnail","6":"product_brand-nuxe","7":"product_cat-n","8":"pa_packungsgroesse-30ml","10":"first","11":"instock","12":"shipping-taxable","13":"purchasable","14":"product-type-simple"},"acf":[],"_links":{"self":[{"href":"https:\/\/www.ernstbrunn-apotheke.at\/katalog\/wp-json\/wp\/v2\/product\/97395","targetHints":{"allow":["GET"]}}],"collection":[{"href":"https:\/\/www.ernstbrunn-apotheke.at\/katalog\/wp-json\/wp\/v2\/product"}],"about":[{"href":"https:\/\/www.ernstbrunn-apotheke.at\/katalog\/wp-json\/wp\/v2\/types\/product"}],"wp:featuredmedia":[{"embeddable":true,"href":"https:\/\/www.ernstbrunn-apotheke.at\/katalog\/wp-json\/wp\/v2\/media\/97397"}],"wp:attachment":[{"href":"https:\/\/www.ernstbrunn-apotheke.at\/katalog\/wp-json\/wp\/v2\/media?parent=97395"}],"wp:term":[{"taxonomy":"product_brand","embeddable":true,"href":"https:\/\/www.ernstbrunn-apotheke.at\/katalog\/wp-json\/wp\/v2\/product_brand?post=97395"},{"taxonomy":"product_cat","embeddable":true,"href":"https:\/\/www.ernstbrunn-apotheke.at\/katalog\/wp-json\/wp\/v2\/product_cat?post=97395"},{"taxonomy":"product_tag","embeddable":true,"href":"https:\/\/www.ernstbrunn-apotheke.at\/katalog\/wp-json\/wp\/v2\/product_tag?post=97395"}],"curies":[{"name":"wp","href":"https:\/\/api.w.org\/{rel}","templated":true}]}}