{"id":97074,"date":"2025-11-12T10:57:43","date_gmt":"2025-11-12T09:57:43","guid":{"rendered":"https:\/\/www.ernstbrunn-apotheke.at\/katalog\/produkt\/ladival-kinder-spray-f50-200-ml\/"},"modified":"2025-12-08T20:51:48","modified_gmt":"2025-12-08T19:51:48","slug":"ladival-kinder-spray-f50-200-ml","status":"publish","type":"product","link":"https:\/\/www.ernstbrunn-apotheke.at\/katalog\/produkt\/ladival-kinder-spray-f50-200-ml\/","title":{"rendered":"Ladival Kinder Spray F50+ 200 ml"},"content":{"rendered":"<p>Ladival\u00ae F\u00fcr Kinder Sonnenschutz wurde speziell f\u00fcr die besonderen Bed\u00fcrfnisse der Kinderhaut entwickelt und ist auch zur Anwendung bei Neurodermitis geeignet. Die sehr reichhaltige Milch pflegt intensiv \u2013 in praktischer Spr\u00fchflasche mit Auslaufschutz ideal f\u00fcr unterwegs, die Milch in der 200 ml Flasche kann auf dem Kopf stehen \u2013 f\u00fcr eine vollst\u00e4ndige Restentleerbarkeit oder die Creme ist praktisch f\u00fcr Kindergarten und Spielplatz.<\/p>\n","protected":false},"excerpt":{"rendered":"<p>Ladival\u00ae F\u00fcr Kinder Sonnenschutz wurde speziell f\u00fcr die besonderen Bed\u00fcrfnisse der Kinderhaut entwickelt und ist auch zur Anwendung bei Neurodermitis geeignet. Die sehr reichhaltige Milch pflegt intensiv \u2013 in praktischer Spr\u00fchflasche mit Auslaufschutz ideal f\u00fcr unterwegs, die Milch in der 200 ml Flasche kann auf dem Kopf stehen \u2013 f\u00fcr eine vollst\u00e4ndige Restentleerbarkeit oder die [&hellip;]<\/p>\n","protected":false},"featured_media":97076,"template":"","meta":{"_acf_changed":false},"product_brand":[1027],"product_cat":[795],"product_tag":[],"class_list":{"0":"post-97074","1":"product","2":"type-product","3":"status-publish","4":"has-post-thumbnail","6":"product_brand-ladival","7":"product_cat-l","8":"pa_packungsgroesse-200ml","10":"first","11":"instock","12":"shipping-taxable","13":"purchasable","14":"product-type-simple"},"acf":[],"_links":{"self":[{"href":"https:\/\/www.ernstbrunn-apotheke.at\/katalog\/wp-json\/wp\/v2\/product\/97074","targetHints":{"allow":["GET"]}}],"collection":[{"href":"https:\/\/www.ernstbrunn-apotheke.at\/katalog\/wp-json\/wp\/v2\/product"}],"about":[{"href":"https:\/\/www.ernstbrunn-apotheke.at\/katalog\/wp-json\/wp\/v2\/types\/product"}],"wp:featuredmedia":[{"embeddable":true,"href":"https:\/\/www.ernstbrunn-apotheke.at\/katalog\/wp-json\/wp\/v2\/media\/97076"}],"wp:attachment":[{"href":"https:\/\/www.ernstbrunn-apotheke.at\/katalog\/wp-json\/wp\/v2\/media?parent=97074"}],"wp:term":[{"taxonomy":"product_brand","embeddable":true,"href":"https:\/\/www.ernstbrunn-apotheke.at\/katalog\/wp-json\/wp\/v2\/product_brand?post=97074"},{"taxonomy":"product_cat","embeddable":true,"href":"https:\/\/www.ernstbrunn-apotheke.at\/katalog\/wp-json\/wp\/v2\/product_cat?post=97074"},{"taxonomy":"product_tag","embeddable":true,"href":"https:\/\/www.ernstbrunn-apotheke.at\/katalog\/wp-json\/wp\/v2\/product_tag?post=97074"}],"curies":[{"name":"wp","href":"https:\/\/api.w.org\/{rel}","templated":true}]}}