{"id":97017,"date":"2025-11-12T10:55:44","date_gmt":"2025-11-12T09:55:44","guid":{"rendered":"https:\/\/www.ernstbrunn-apotheke.at\/katalog\/produkt\/rhodiologes-filmtabletten-200-mg\/"},"modified":"2025-12-08T20:51:35","modified_gmt":"2025-12-08T19:51:35","slug":"rhodiologes-filmtabletten-200-mg","status":"publish","type":"product","link":"https:\/\/www.ernstbrunn-apotheke.at\/katalog\/produkt\/rhodiologes-filmtabletten-200-mg\/","title":{"rendered":"rhodioLoges Filmtabletten 200 mg"},"content":{"rendered":"<p>rhodioLoges Filmtabletten hilft mit der bew\u00e4hrten Pflanzenkraft des Adaptogens Rhodiola rosea (Rosenwurz) dem K\u00f6rper, sich der Belastungssituation anzupassen und widerstandsf\u00e4higer zu werden.<\/p>\n","protected":false},"excerpt":{"rendered":"<p>rhodioLoges Filmtabletten hilft mit der bew\u00e4hrten Pflanzenkraft des Adaptogens Rhodiola rosea (Rosenwurz) dem K\u00f6rper, sich der Belastungssituation anzupassen und widerstandsf\u00e4higer zu werden.<\/p>\n","protected":false},"featured_media":97019,"template":"","meta":{"_acf_changed":false},"product_brand":[508],"product_cat":[808],"product_tag":[],"class_list":{"0":"post-97017","1":"product","2":"type-product","3":"status-publish","4":"has-post-thumbnail","6":"product_brand-dr-loges","7":"product_cat-r","8":"pa_packungsgroesse-20-stueck","10":"first","11":"instock","12":"shipping-taxable","13":"purchasable","14":"product-type-simple"},"acf":[],"_links":{"self":[{"href":"https:\/\/www.ernstbrunn-apotheke.at\/katalog\/wp-json\/wp\/v2\/product\/97017","targetHints":{"allow":["GET"]}}],"collection":[{"href":"https:\/\/www.ernstbrunn-apotheke.at\/katalog\/wp-json\/wp\/v2\/product"}],"about":[{"href":"https:\/\/www.ernstbrunn-apotheke.at\/katalog\/wp-json\/wp\/v2\/types\/product"}],"wp:featuredmedia":[{"embeddable":true,"href":"https:\/\/www.ernstbrunn-apotheke.at\/katalog\/wp-json\/wp\/v2\/media\/97019"}],"wp:attachment":[{"href":"https:\/\/www.ernstbrunn-apotheke.at\/katalog\/wp-json\/wp\/v2\/media?parent=97017"}],"wp:term":[{"taxonomy":"product_brand","embeddable":true,"href":"https:\/\/www.ernstbrunn-apotheke.at\/katalog\/wp-json\/wp\/v2\/product_brand?post=97017"},{"taxonomy":"product_cat","embeddable":true,"href":"https:\/\/www.ernstbrunn-apotheke.at\/katalog\/wp-json\/wp\/v2\/product_cat?post=97017"},{"taxonomy":"product_tag","embeddable":true,"href":"https:\/\/www.ernstbrunn-apotheke.at\/katalog\/wp-json\/wp\/v2\/product_tag?post=97017"}],"curies":[{"name":"wp","href":"https:\/\/api.w.org\/{rel}","templated":true}]}}