{"id":96941,"date":"2025-11-12T10:54:22","date_gmt":"2025-11-12T09:54:22","guid":{"rendered":"https:\/\/www.ernstbrunn-apotheke.at\/katalog\/produkt\/avitale-preiselbeere-amerikanisch-saft-100-500-ml\/"},"modified":"2025-12-08T20:51:10","modified_gmt":"2025-12-08T19:51:10","slug":"avitale-preiselbeere-amerikanisch-saft-100-500-ml","status":"publish","type":"product","link":"https:\/\/www.ernstbrunn-apotheke.at\/katalog\/produkt\/avitale-preiselbeere-amerikanisch-saft-100-500-ml\/","title":{"rendered":"Avitale Preiselbeere Amerikanisch Saft 100% 500 ml"},"content":{"rendered":"<p>Avitale Preiselbeere Amerikanisch Saft 100% wird aus Preiselbeeren, die in den wasserreichen Weiten Nordamerikas gereift sind, hergestellt. Der Saft hat einen fruchtig-herben Geschmack mit ausschlie\u00dflich fruchteigener S\u00fc\u00dfe. Eine leckere Basis f\u00fcr Gelees, Marmeladen, S\u00fc\u00dfspeisen und So\u00dfen sowie f\u00fcr Mixgetr\u00e4nke. Pur getrunken oder kombiniert mit Wasser ist er der t\u00e4gliche Beitrag f\u00fcr das Wohlbefinden.<\/p>\n","protected":false},"excerpt":{"rendered":"<p>Avitale Preiselbeere Amerikanisch Saft 100% wird aus Preiselbeeren, die in den wasserreichen Weiten Nordamerikas gereift sind, hergestellt. Der Saft hat einen fruchtig-herben Geschmack mit ausschlie\u00dflich fruchteigener S\u00fc\u00dfe. Eine leckere Basis f\u00fcr Gelees, Marmeladen, S\u00fc\u00dfspeisen und So\u00dfen sowie f\u00fcr Mixgetr\u00e4nke. Pur getrunken oder kombiniert mit Wasser ist er der t\u00e4gliche Beitrag f\u00fcr das Wohlbefinden.<\/p>\n","protected":false},"featured_media":96943,"template":"","meta":{"_acf_changed":false},"product_brand":[816],"product_cat":[801],"product_tag":[],"class_list":{"0":"post-96941","1":"product","2":"type-product","3":"status-publish","4":"has-post-thumbnail","6":"product_brand-avitale","7":"product_cat-a","8":"pa_packungsgroesse-500ml","10":"first","11":"instock","12":"shipping-taxable","13":"purchasable","14":"product-type-simple"},"acf":[],"_links":{"self":[{"href":"https:\/\/www.ernstbrunn-apotheke.at\/katalog\/wp-json\/wp\/v2\/product\/96941","targetHints":{"allow":["GET"]}}],"collection":[{"href":"https:\/\/www.ernstbrunn-apotheke.at\/katalog\/wp-json\/wp\/v2\/product"}],"about":[{"href":"https:\/\/www.ernstbrunn-apotheke.at\/katalog\/wp-json\/wp\/v2\/types\/product"}],"wp:featuredmedia":[{"embeddable":true,"href":"https:\/\/www.ernstbrunn-apotheke.at\/katalog\/wp-json\/wp\/v2\/media\/96943"}],"wp:attachment":[{"href":"https:\/\/www.ernstbrunn-apotheke.at\/katalog\/wp-json\/wp\/v2\/media?parent=96941"}],"wp:term":[{"taxonomy":"product_brand","embeddable":true,"href":"https:\/\/www.ernstbrunn-apotheke.at\/katalog\/wp-json\/wp\/v2\/product_brand?post=96941"},{"taxonomy":"product_cat","embeddable":true,"href":"https:\/\/www.ernstbrunn-apotheke.at\/katalog\/wp-json\/wp\/v2\/product_cat?post=96941"},{"taxonomy":"product_tag","embeddable":true,"href":"https:\/\/www.ernstbrunn-apotheke.at\/katalog\/wp-json\/wp\/v2\/product_tag?post=96941"}],"curies":[{"name":"wp","href":"https:\/\/api.w.org\/{rel}","templated":true}]}}