{"id":96917,"date":"2025-11-12T10:53:35","date_gmt":"2025-11-12T09:53:35","guid":{"rendered":"https:\/\/www.ernstbrunn-apotheke.at\/katalog\/produkt\/avitale-preiselbeere-amerikanisch-lutschtabletten-60-stk\/"},"modified":"2025-12-08T20:51:06","modified_gmt":"2025-12-08T19:51:06","slug":"avitale-preiselbeere-amerikanisch-lutschtabletten-60-stk","status":"publish","type":"product","link":"https:\/\/www.ernstbrunn-apotheke.at\/katalog\/produkt\/avitale-preiselbeere-amerikanisch-lutschtabletten-60-stk\/","title":{"rendered":"Avitale Preiselbeere Amerikanisch Lutschtabletten 60 Stk."},"content":{"rendered":"<p>Avitale Preiselbeere Amerikanisch Lutschtabletten sind ein Nahrungserg\u00e4nzungsmittel mit Cranberryextrakt, einer Zuckerart und S\u00fc\u00dfungsmitteln. Der Genuss von Amerikanischen Preiselbeeren mit ihren Inhaltsstoffen kann f\u00fcr das allgemeine Wohlbefinden eine wertvolle Unterst\u00fctzung darstellen.<\/p>\n","protected":false},"excerpt":{"rendered":"<p>Avitale Preiselbeere Amerikanisch Lutschtabletten sind ein Nahrungserg\u00e4nzungsmittel mit Cranberryextrakt, einer Zuckerart und S\u00fc\u00dfungsmitteln. Der Genuss von Amerikanischen Preiselbeeren mit ihren Inhaltsstoffen kann f\u00fcr das allgemeine Wohlbefinden eine wertvolle Unterst\u00fctzung darstellen.<\/p>\n","protected":false},"featured_media":96919,"template":"","meta":{"_acf_changed":false},"product_brand":[816],"product_cat":[801],"product_tag":[],"class_list":{"0":"post-96917","1":"product","2":"type-product","3":"status-publish","4":"has-post-thumbnail","6":"product_brand-avitale","7":"product_cat-a","8":"pa_packungsgroesse-60-stueck","10":"first","11":"instock","12":"shipping-taxable","13":"purchasable","14":"product-type-simple"},"acf":[],"_links":{"self":[{"href":"https:\/\/www.ernstbrunn-apotheke.at\/katalog\/wp-json\/wp\/v2\/product\/96917","targetHints":{"allow":["GET"]}}],"collection":[{"href":"https:\/\/www.ernstbrunn-apotheke.at\/katalog\/wp-json\/wp\/v2\/product"}],"about":[{"href":"https:\/\/www.ernstbrunn-apotheke.at\/katalog\/wp-json\/wp\/v2\/types\/product"}],"wp:featuredmedia":[{"embeddable":true,"href":"https:\/\/www.ernstbrunn-apotheke.at\/katalog\/wp-json\/wp\/v2\/media\/96919"}],"wp:attachment":[{"href":"https:\/\/www.ernstbrunn-apotheke.at\/katalog\/wp-json\/wp\/v2\/media?parent=96917"}],"wp:term":[{"taxonomy":"product_brand","embeddable":true,"href":"https:\/\/www.ernstbrunn-apotheke.at\/katalog\/wp-json\/wp\/v2\/product_brand?post=96917"},{"taxonomy":"product_cat","embeddable":true,"href":"https:\/\/www.ernstbrunn-apotheke.at\/katalog\/wp-json\/wp\/v2\/product_cat?post=96917"},{"taxonomy":"product_tag","embeddable":true,"href":"https:\/\/www.ernstbrunn-apotheke.at\/katalog\/wp-json\/wp\/v2\/product_tag?post=96917"}],"curies":[{"name":"wp","href":"https:\/\/api.w.org\/{rel}","templated":true}]}}