{"id":96890,"date":"2025-11-12T10:52:48","date_gmt":"2025-11-12T09:52:48","guid":{"rendered":"https:\/\/www.ernstbrunn-apotheke.at\/katalog\/produkt\/avitale-cranberry-kapseln-240-stk\/"},"modified":"2025-12-08T20:50:58","modified_gmt":"2025-12-08T19:50:58","slug":"avitale-cranberry-kapseln-240-stk","status":"publish","type":"product","link":"https:\/\/www.ernstbrunn-apotheke.at\/katalog\/produkt\/avitale-cranberry-kapseln-240-stk\/","title":{"rendered":"Avitale Cranberry Kapseln 240 Stk."},"content":{"rendered":"<p>Avitale Cranberry Kapseln sind gut f\u00fcr das Wohlbefinden. Einige Inhaltsstoffe in den Cranberries, wie Flavonoide, Polyphenole und vor allem die Proanthocyane sind als sekund\u00e4re Pflanzenstoffe bekannt. Der Genuss von Cranberries mit ihren Inhaltsstoffen kann f\u00fcr das allgemeine Wohlbefinden eine wertvolle Unterst\u00fctzung darstellen.<\/p>\n","protected":false},"excerpt":{"rendered":"<p>Avitale Cranberry Kapseln sind gut f\u00fcr das Wohlbefinden. Einige Inhaltsstoffe in den Cranberries, wie Flavonoide, Polyphenole und vor allem die Proanthocyane sind als sekund\u00e4re Pflanzenstoffe bekannt. Der Genuss von Cranberries mit ihren Inhaltsstoffen kann f\u00fcr das allgemeine Wohlbefinden eine wertvolle Unterst\u00fctzung darstellen.<\/p>\n","protected":false},"featured_media":96892,"template":"","meta":{"_acf_changed":false},"product_brand":[816],"product_cat":[801],"product_tag":[],"class_list":{"0":"post-96890","1":"product","2":"type-product","3":"status-publish","4":"has-post-thumbnail","6":"product_brand-avitale","7":"product_cat-a","8":"pa_packungsgroesse-240-stueck","10":"first","11":"instock","12":"shipping-taxable","13":"purchasable","14":"product-type-simple"},"acf":[],"_links":{"self":[{"href":"https:\/\/www.ernstbrunn-apotheke.at\/katalog\/wp-json\/wp\/v2\/product\/96890","targetHints":{"allow":["GET"]}}],"collection":[{"href":"https:\/\/www.ernstbrunn-apotheke.at\/katalog\/wp-json\/wp\/v2\/product"}],"about":[{"href":"https:\/\/www.ernstbrunn-apotheke.at\/katalog\/wp-json\/wp\/v2\/types\/product"}],"wp:featuredmedia":[{"embeddable":true,"href":"https:\/\/www.ernstbrunn-apotheke.at\/katalog\/wp-json\/wp\/v2\/media\/96892"}],"wp:attachment":[{"href":"https:\/\/www.ernstbrunn-apotheke.at\/katalog\/wp-json\/wp\/v2\/media?parent=96890"}],"wp:term":[{"taxonomy":"product_brand","embeddable":true,"href":"https:\/\/www.ernstbrunn-apotheke.at\/katalog\/wp-json\/wp\/v2\/product_brand?post=96890"},{"taxonomy":"product_cat","embeddable":true,"href":"https:\/\/www.ernstbrunn-apotheke.at\/katalog\/wp-json\/wp\/v2\/product_cat?post=96890"},{"taxonomy":"product_tag","embeddable":true,"href":"https:\/\/www.ernstbrunn-apotheke.at\/katalog\/wp-json\/wp\/v2\/product_tag?post=96890"}],"curies":[{"name":"wp","href":"https:\/\/api.w.org\/{rel}","templated":true}]}}