{"id":96514,"date":"2025-11-12T10:44:39","date_gmt":"2025-11-12T09:44:39","guid":{"rendered":"https:\/\/www.ernstbrunn-apotheke.at\/katalog\/produkt\/sonnentor-aetherisches-gewuerzoel-salate-dips-bio-45-ml\/"},"modified":"2025-12-08T20:48:48","modified_gmt":"2025-12-08T19:48:48","slug":"sonnentor-aetherisches-gewuerzoel-salate-dips-bio-45-ml","status":"publish","type":"product","link":"https:\/\/www.ernstbrunn-apotheke.at\/katalog\/produkt\/sonnentor-aetherisches-gewuerzoel-salate-dips-bio-45-ml\/","title":{"rendered":"Sonnentor \u00e4therisches Gew\u00fcrz\u00f6l Salate &#038; Dips bio 4,5 ml"},"content":{"rendered":"<p>Damit tanzt der Salat auf deiner Zunge Salsa! Nur ein paar Tropfen diesen 100 % naturreinen \u00e4therischen \u00d6ls sind notwendig, um aus deinem Salatdressing ein wahres Meisterwerk der Aromen zu zaubern. Schon mit wenigen Tropfen des Gew\u00fcrz\u00f6ls in der Marinade werfen sich Tomate, Gurke, Radischen und Co in Schale, um deinem Gaumen ein Feuerwerk der Geschm\u00e4cker zu bereiten. Aber auch Dips f\u00fcr Gem\u00fcse oder Knabbereien finden das \u00d6l ganz gro\u00dfartig und stellen sich der Reihe nach an, um es zu einem kleinen T\u00e4nzchen aufzufordern.<\/p>\n","protected":false},"excerpt":{"rendered":"<p>Damit tanzt der Salat auf deiner Zunge Salsa! Nur ein paar Tropfen diesen 100 % naturreinen \u00e4therischen \u00d6ls sind notwendig, um aus deinem Salatdressing ein wahres Meisterwerk der Aromen zu zaubern. Schon mit wenigen Tropfen des Gew\u00fcrz\u00f6ls in der Marinade werfen sich Tomate, Gurke, Radischen und Co in Schale, um deinem Gaumen ein Feuerwerk der [&hellip;]<\/p>\n","protected":false},"featured_media":96516,"template":"","meta":{"_acf_changed":false},"product_brand":[925],"product_cat":[791],"product_tag":[],"class_list":{"0":"post-96514","1":"product","2":"type-product","3":"status-publish","4":"has-post-thumbnail","6":"product_brand-sonnentor","7":"product_cat-s","8":"pa_packungsgroesse-4ml","10":"first","11":"instock","12":"shipping-taxable","13":"purchasable","14":"product-type-simple"},"acf":[],"_links":{"self":[{"href":"https:\/\/www.ernstbrunn-apotheke.at\/katalog\/wp-json\/wp\/v2\/product\/96514","targetHints":{"allow":["GET"]}}],"collection":[{"href":"https:\/\/www.ernstbrunn-apotheke.at\/katalog\/wp-json\/wp\/v2\/product"}],"about":[{"href":"https:\/\/www.ernstbrunn-apotheke.at\/katalog\/wp-json\/wp\/v2\/types\/product"}],"wp:featuredmedia":[{"embeddable":true,"href":"https:\/\/www.ernstbrunn-apotheke.at\/katalog\/wp-json\/wp\/v2\/media\/96516"}],"wp:attachment":[{"href":"https:\/\/www.ernstbrunn-apotheke.at\/katalog\/wp-json\/wp\/v2\/media?parent=96514"}],"wp:term":[{"taxonomy":"product_brand","embeddable":true,"href":"https:\/\/www.ernstbrunn-apotheke.at\/katalog\/wp-json\/wp\/v2\/product_brand?post=96514"},{"taxonomy":"product_cat","embeddable":true,"href":"https:\/\/www.ernstbrunn-apotheke.at\/katalog\/wp-json\/wp\/v2\/product_cat?post=96514"},{"taxonomy":"product_tag","embeddable":true,"href":"https:\/\/www.ernstbrunn-apotheke.at\/katalog\/wp-json\/wp\/v2\/product_tag?post=96514"}],"curies":[{"name":"wp","href":"https:\/\/api.w.org\/{rel}","templated":true}]}}