{"id":96491,"date":"2025-11-12T10:44:21","date_gmt":"2025-11-12T09:44:21","guid":{"rendered":"https:\/\/www.ernstbrunn-apotheke.at\/katalog\/produkt\/la-roche-posay-effaclar-mikro-peeling-reinigungsgel-400-ml\/"},"modified":"2025-12-08T20:48:37","modified_gmt":"2025-12-08T19:48:37","slug":"la-roche-posay-effaclar-mikro-peeling-reinigungsgel-400-ml","status":"publish","type":"product","link":"https:\/\/www.ernstbrunn-apotheke.at\/katalog\/produkt\/la-roche-posay-effaclar-mikro-peeling-reinigungsgel-400-ml\/","title":{"rendered":"La Roche-Posay Effaclar Mikro-Peeling Reinigungsgel 400 ml"},"content":{"rendered":"<p>Dank der Formel mit LHA und Salicyls\u00e4ure, die die Hautoberfl\u00e4che gl\u00e4ttet, reinigt das Effaclar Mikro-Peeling Reinigungsgel intensiv und porentief zu Unreinheiten neigende Haut. Es kl\u00e4rt die Poren tiefenwirksam und reguliert die Talgproduktion \u2013 f\u00fcr ein sichtbar reineres Hautbild.<\/p>\n","protected":false},"excerpt":{"rendered":"<p>Dank der Formel mit LHA und Salicyls\u00e4ure, die die Hautoberfl\u00e4che gl\u00e4ttet, reinigt das Effaclar Mikro-Peeling Reinigungsgel intensiv und porentief zu Unreinheiten neigende Haut. Es kl\u00e4rt die Poren tiefenwirksam und reguliert die Talgproduktion \u2013 f\u00fcr ein sichtbar reineres Hautbild.<\/p>\n","protected":false},"featured_media":96493,"template":"","meta":{"_acf_changed":false},"product_brand":[677],"product_cat":[795],"product_tag":[],"class_list":{"0":"post-96491","1":"product","2":"type-product","3":"status-publish","4":"has-post-thumbnail","6":"product_brand-la-roche-posay","7":"product_cat-l","8":"pa_packungsgroesse-400ml","10":"first","11":"instock","12":"shipping-taxable","13":"purchasable","14":"product-type-simple"},"acf":[],"_links":{"self":[{"href":"https:\/\/www.ernstbrunn-apotheke.at\/katalog\/wp-json\/wp\/v2\/product\/96491","targetHints":{"allow":["GET"]}}],"collection":[{"href":"https:\/\/www.ernstbrunn-apotheke.at\/katalog\/wp-json\/wp\/v2\/product"}],"about":[{"href":"https:\/\/www.ernstbrunn-apotheke.at\/katalog\/wp-json\/wp\/v2\/types\/product"}],"wp:featuredmedia":[{"embeddable":true,"href":"https:\/\/www.ernstbrunn-apotheke.at\/katalog\/wp-json\/wp\/v2\/media\/96493"}],"wp:attachment":[{"href":"https:\/\/www.ernstbrunn-apotheke.at\/katalog\/wp-json\/wp\/v2\/media?parent=96491"}],"wp:term":[{"taxonomy":"product_brand","embeddable":true,"href":"https:\/\/www.ernstbrunn-apotheke.at\/katalog\/wp-json\/wp\/v2\/product_brand?post=96491"},{"taxonomy":"product_cat","embeddable":true,"href":"https:\/\/www.ernstbrunn-apotheke.at\/katalog\/wp-json\/wp\/v2\/product_cat?post=96491"},{"taxonomy":"product_tag","embeddable":true,"href":"https:\/\/www.ernstbrunn-apotheke.at\/katalog\/wp-json\/wp\/v2\/product_tag?post=96491"}],"curies":[{"name":"wp","href":"https:\/\/api.w.org\/{rel}","templated":true}]}}