{"id":9537,"date":"2025-11-07T14:00:33","date_gmt":"2025-11-07T13:00:33","guid":{"rendered":"https:\/\/www.ernstbrunn-apotheke.at\/katalog\/produkt\/acimed-kapseln-20-stk\/"},"modified":"2025-12-08T13:27:59","modified_gmt":"2025-12-08T12:27:59","slug":"acimed-kapseln-20-stk","status":"publish","type":"product","link":"https:\/\/www.ernstbrunn-apotheke.at\/katalog\/produkt\/acimed-kapseln-20-stk\/","title":{"rendered":"Acimed Kapseln 20 Stk."},"content":{"rendered":"<p>Acimed Kapseln sind ein di\u00e4tetisches Lebensmittel zur Behandlung von akuten und wiederkehrenden Harnwegsinfektionen. Die Kapseln enthalten L-Methionin, eine schwefelhaltige essentielle Aminos\u00e4ure, die zur Ans\u00e4uerung des Harns f\u00fchrt.<\/p>\n","protected":false},"excerpt":{"rendered":"<p>Acimed Kapseln sind ein di\u00e4tetisches Lebensmittel zur Behandlung von akuten und wiederkehrenden Harnwegsinfektionen. Die Kapseln enthalten L-Methionin, eine schwefelhaltige essentielle Aminos\u00e4ure, die zur Ans\u00e4uerung des Harns f\u00fchrt.<\/p>\n","protected":false},"featured_media":9539,"template":"","meta":{"_acf_changed":false},"product_brand":[],"product_cat":[801],"product_tag":[],"class_list":{"0":"post-9537","1":"product","2":"type-product","3":"status-publish","4":"has-post-thumbnail","6":"product_cat-a","7":"pa_packungsgroesse-20-stueck","9":"first","10":"instock","11":"shipping-taxable","12":"purchasable","13":"product-type-simple"},"acf":[],"_links":{"self":[{"href":"https:\/\/www.ernstbrunn-apotheke.at\/katalog\/wp-json\/wp\/v2\/product\/9537","targetHints":{"allow":["GET"]}}],"collection":[{"href":"https:\/\/www.ernstbrunn-apotheke.at\/katalog\/wp-json\/wp\/v2\/product"}],"about":[{"href":"https:\/\/www.ernstbrunn-apotheke.at\/katalog\/wp-json\/wp\/v2\/types\/product"}],"wp:featuredmedia":[{"embeddable":true,"href":"https:\/\/www.ernstbrunn-apotheke.at\/katalog\/wp-json\/wp\/v2\/media\/9539"}],"wp:attachment":[{"href":"https:\/\/www.ernstbrunn-apotheke.at\/katalog\/wp-json\/wp\/v2\/media?parent=9537"}],"wp:term":[{"taxonomy":"product_brand","embeddable":true,"href":"https:\/\/www.ernstbrunn-apotheke.at\/katalog\/wp-json\/wp\/v2\/product_brand?post=9537"},{"taxonomy":"product_cat","embeddable":true,"href":"https:\/\/www.ernstbrunn-apotheke.at\/katalog\/wp-json\/wp\/v2\/product_cat?post=9537"},{"taxonomy":"product_tag","embeddable":true,"href":"https:\/\/www.ernstbrunn-apotheke.at\/katalog\/wp-json\/wp\/v2\/product_tag?post=9537"}],"curies":[{"name":"wp","href":"https:\/\/api.w.org\/{rel}","templated":true}]}}