{"id":95078,"date":"2025-11-12T10:04:54","date_gmt":"2025-11-12T09:04:54","guid":{"rendered":"https:\/\/www.ernstbrunn-apotheke.at\/katalog\/produkt\/klosterfrau-magen-darm-entspannung-kapseln-20-stk\/"},"modified":"2025-12-08T20:42:11","modified_gmt":"2025-12-08T19:42:11","slug":"klosterfrau-magen-darm-entspannung-kapseln-20-stk","status":"publish","type":"product","link":"https:\/\/www.ernstbrunn-apotheke.at\/katalog\/produkt\/klosterfrau-magen-darm-entspannung-kapseln-20-stk\/","title":{"rendered":"Klosterfrau Magen-Darm Entspannung Kapseln 20 Stk."},"content":{"rendered":"<p>Bl\u00e4hungen und V\u00f6llegef\u00fchl sind meist harmlose und ganz nat\u00fcrliche, aber leider sehr unangenehme Prozesse. Ursache k\u00f6nnen Stress, Hektik, Bewegungsmangel oder schwer verdauliche Ern\u00e4hrung sein. Ein aufgebl\u00e4hter Bauch mit schmerzendem Druckgef\u00fchl sowie unangenehme Darmger\u00e4usche und vermehrter Gasabgang sind die Folge.Klosterfrau Magen-Darm EntspannungKapseln helfen 3-fach:entbl\u00e4hend bei erh\u00f6hter Gasansammlungentspannend bei gasbedingten Kr\u00e4mpfendruckl\u00f6send bei schmerzhaftem V\u00f6llegef\u00fchlMagen und Darm kommen zur Ruhe und Erleichterung stellt sich ein.Klosterfrau Magen-Darm Entspannung Kapseln sind durch die hohe Dosierung (250 mg Simeticon pro Kapsel) auf physikalische Weise schnell wirksam. Das gut vertr\u00e4gliche Simeticon l\u00f6st erh\u00f6hte Gasansammlungen auf, bevor Bl\u00e4hungen und V\u00f6llegef\u00fchl entstehen..<\/p>\n","protected":false},"excerpt":{"rendered":"<p>Bl\u00e4hungen und V\u00f6llegef\u00fchl sind meist harmlose und ganz nat\u00fcrliche, aber leider sehr unangenehme Prozesse. Ursache k\u00f6nnen Stress, Hektik, Bewegungsmangel oder schwer verdauliche Ern\u00e4hrung sein. Ein aufgebl\u00e4hter Bauch mit schmerzendem Druckgef\u00fchl sowie unangenehme Darmger\u00e4usche und vermehrter Gasabgang sind die Folge.Klosterfrau Magen-Darm EntspannungKapseln helfen 3-fach:entbl\u00e4hend bei erh\u00f6hter Gasansammlungentspannend bei gasbedingten Kr\u00e4mpfendruckl\u00f6send bei schmerzhaftem V\u00f6llegef\u00fchlMagen und Darm kommen [&hellip;]<\/p>\n","protected":false},"featured_media":0,"template":"","meta":{"_acf_changed":false},"product_brand":[526],"product_cat":[807],"product_tag":[],"class_list":{"0":"post-95078","1":"product","2":"type-product","3":"status-publish","5":"product_brand-klosterfrau","6":"product_cat-k","7":"pa_packungsgroesse-20-stueck","9":"first","10":"instock","11":"shipping-taxable","12":"purchasable","13":"product-type-simple"},"acf":[],"_links":{"self":[{"href":"https:\/\/www.ernstbrunn-apotheke.at\/katalog\/wp-json\/wp\/v2\/product\/95078","targetHints":{"allow":["GET"]}}],"collection":[{"href":"https:\/\/www.ernstbrunn-apotheke.at\/katalog\/wp-json\/wp\/v2\/product"}],"about":[{"href":"https:\/\/www.ernstbrunn-apotheke.at\/katalog\/wp-json\/wp\/v2\/types\/product"}],"wp:attachment":[{"href":"https:\/\/www.ernstbrunn-apotheke.at\/katalog\/wp-json\/wp\/v2\/media?parent=95078"}],"wp:term":[{"taxonomy":"product_brand","embeddable":true,"href":"https:\/\/www.ernstbrunn-apotheke.at\/katalog\/wp-json\/wp\/v2\/product_brand?post=95078"},{"taxonomy":"product_cat","embeddable":true,"href":"https:\/\/www.ernstbrunn-apotheke.at\/katalog\/wp-json\/wp\/v2\/product_cat?post=95078"},{"taxonomy":"product_tag","embeddable":true,"href":"https:\/\/www.ernstbrunn-apotheke.at\/katalog\/wp-json\/wp\/v2\/product_tag?post=95078"}],"curies":[{"name":"wp","href":"https:\/\/api.w.org\/{rel}","templated":true}]}}