{"id":94763,"date":"2025-11-12T09:57:12","date_gmt":"2025-11-12T08:57:12","guid":{"rendered":"https:\/\/www.ernstbrunn-apotheke.at\/katalog\/produkt\/easyrelax-kapseln-60-stk\/"},"modified":"2025-12-08T20:40:56","modified_gmt":"2025-12-08T19:40:56","slug":"easyrelax-kapseln-60-stk","status":"publish","type":"product","link":"https:\/\/www.ernstbrunn-apotheke.at\/katalog\/produkt\/easyrelax-kapseln-60-stk\/","title":{"rendered":"Easyrelax Kapseln 60 Stk."},"content":{"rendered":"<p>Easyrelax Kapseln unterst\u00fctzen bei l\u00e4nger andauernden Spannungs- und Stresszust\u00e4nden und k\u00f6nnen zur Beruhigung sowie zur Bew\u00e4ltigung von Stress, Gereiztheit und Nervosit\u00e4t beitragen. easyrelax Kapseln k\u00f6nnen Entspannung, Gelassenheit und Ausgeglichenheit f\u00f6rdern.<\/p>\n","protected":false},"excerpt":{"rendered":"<p>Easyrelax Kapseln unterst\u00fctzen bei l\u00e4nger andauernden Spannungs- und Stresszust\u00e4nden und k\u00f6nnen zur Beruhigung sowie zur Bew\u00e4ltigung von Stress, Gereiztheit und Nervosit\u00e4t beitragen. easyrelax Kapseln k\u00f6nnen Entspannung, Gelassenheit und Ausgeglichenheit f\u00f6rdern.<\/p>\n","protected":false},"featured_media":94765,"template":"","meta":{"_acf_changed":false},"product_brand":[],"product_cat":[794],"product_tag":[],"class_list":{"0":"post-94763","1":"product","2":"type-product","3":"status-publish","4":"has-post-thumbnail","6":"product_cat-e","7":"pa_packungsgroesse-60-stueck","9":"first","10":"instock","11":"shipping-taxable","12":"purchasable","13":"product-type-simple"},"acf":[],"_links":{"self":[{"href":"https:\/\/www.ernstbrunn-apotheke.at\/katalog\/wp-json\/wp\/v2\/product\/94763","targetHints":{"allow":["GET"]}}],"collection":[{"href":"https:\/\/www.ernstbrunn-apotheke.at\/katalog\/wp-json\/wp\/v2\/product"}],"about":[{"href":"https:\/\/www.ernstbrunn-apotheke.at\/katalog\/wp-json\/wp\/v2\/types\/product"}],"wp:featuredmedia":[{"embeddable":true,"href":"https:\/\/www.ernstbrunn-apotheke.at\/katalog\/wp-json\/wp\/v2\/media\/94765"}],"wp:attachment":[{"href":"https:\/\/www.ernstbrunn-apotheke.at\/katalog\/wp-json\/wp\/v2\/media?parent=94763"}],"wp:term":[{"taxonomy":"product_brand","embeddable":true,"href":"https:\/\/www.ernstbrunn-apotheke.at\/katalog\/wp-json\/wp\/v2\/product_brand?post=94763"},{"taxonomy":"product_cat","embeddable":true,"href":"https:\/\/www.ernstbrunn-apotheke.at\/katalog\/wp-json\/wp\/v2\/product_cat?post=94763"},{"taxonomy":"product_tag","embeddable":true,"href":"https:\/\/www.ernstbrunn-apotheke.at\/katalog\/wp-json\/wp\/v2\/product_tag?post=94763"}],"curies":[{"name":"wp","href":"https:\/\/api.w.org\/{rel}","templated":true}]}}