{"id":94753,"date":"2025-11-12T09:57:12","date_gmt":"2025-11-12T08:57:12","guid":{"rendered":"https:\/\/www.ernstbrunn-apotheke.at\/katalog\/produkt\/audispray-ultra-20-ml\/"},"modified":"2025-12-08T20:40:55","modified_gmt":"2025-12-08T19:40:55","slug":"audispray-ultra-20-ml","status":"publish","type":"product","link":"https:\/\/www.ernstbrunn-apotheke.at\/katalog\/produkt\/audispray-ultra-20-ml\/","title":{"rendered":"Audispray Ultra 20 ml"},"content":{"rendered":"<p>Audispray Ultra ist ein innovatives Produkt zur Behandlung zu Hause eines bereits vorhandenen oder sich bildenden Ohrenschmalzpfropfens. Die w\u00e4ssrige L\u00f6sung Audispray Ultra zersetzt zun\u00e4chst den Ohrenschmalzpfropfen in mehrere Einzelteile und l\u00f6st diese anschlie\u00dfend vollst\u00e4ndig auf, so dass sie auf nat\u00fcrlichem Weg nach aussen, Richtung Ohrmuschel abtransportiert werden k\u00f6nnen.<\/p>\n","protected":false},"excerpt":{"rendered":"<p>Audispray Ultra ist ein innovatives Produkt zur Behandlung zu Hause eines bereits vorhandenen oder sich bildenden Ohrenschmalzpfropfens. Die w\u00e4ssrige L\u00f6sung Audispray Ultra zersetzt zun\u00e4chst den Ohrenschmalzpfropfen in mehrere Einzelteile und l\u00f6st diese anschlie\u00dfend vollst\u00e4ndig auf, so dass sie auf nat\u00fcrlichem Weg nach aussen, Richtung Ohrmuschel abtransportiert werden k\u00f6nnen.<\/p>\n","protected":false},"featured_media":94755,"template":"","meta":{"_acf_changed":false},"product_brand":[],"product_cat":[801],"product_tag":[],"class_list":{"0":"post-94753","1":"product","2":"type-product","3":"status-publish","4":"has-post-thumbnail","6":"product_cat-a","7":"pa_packungsgroesse-20ml","9":"first","10":"instock","11":"shipping-taxable","12":"purchasable","13":"product-type-simple"},"acf":[],"_links":{"self":[{"href":"https:\/\/www.ernstbrunn-apotheke.at\/katalog\/wp-json\/wp\/v2\/product\/94753","targetHints":{"allow":["GET"]}}],"collection":[{"href":"https:\/\/www.ernstbrunn-apotheke.at\/katalog\/wp-json\/wp\/v2\/product"}],"about":[{"href":"https:\/\/www.ernstbrunn-apotheke.at\/katalog\/wp-json\/wp\/v2\/types\/product"}],"wp:featuredmedia":[{"embeddable":true,"href":"https:\/\/www.ernstbrunn-apotheke.at\/katalog\/wp-json\/wp\/v2\/media\/94755"}],"wp:attachment":[{"href":"https:\/\/www.ernstbrunn-apotheke.at\/katalog\/wp-json\/wp\/v2\/media?parent=94753"}],"wp:term":[{"taxonomy":"product_brand","embeddable":true,"href":"https:\/\/www.ernstbrunn-apotheke.at\/katalog\/wp-json\/wp\/v2\/product_brand?post=94753"},{"taxonomy":"product_cat","embeddable":true,"href":"https:\/\/www.ernstbrunn-apotheke.at\/katalog\/wp-json\/wp\/v2\/product_cat?post=94753"},{"taxonomy":"product_tag","embeddable":true,"href":"https:\/\/www.ernstbrunn-apotheke.at\/katalog\/wp-json\/wp\/v2\/product_tag?post=94753"}],"curies":[{"name":"wp","href":"https:\/\/api.w.org\/{rel}","templated":true}]}}