{"id":94524,"date":"2025-11-12T09:52:23","date_gmt":"2025-11-12T08:52:23","guid":{"rendered":"https:\/\/www.ernstbrunn-apotheke.at\/katalog\/produkt\/sonnentor-zitronen-eukalyptus-bio-aeth\/"},"modified":"2025-12-08T20:39:41","modified_gmt":"2025-12-08T19:39:41","slug":"sonnentor-zitronen-eukalyptus-bio-aeth","status":"publish","type":"product","link":"https:\/\/www.ernstbrunn-apotheke.at\/katalog\/produkt\/sonnentor-zitronen-eukalyptus-bio-aeth\/","title":{"rendered":"Sonnentor Zitronen-Eukalyptus bio \u00e4th."},"content":{"rendered":"<p>Sonnentor Zitronen Eukalyptus \u00e4therisches \u00d6l eignet sich hervorragend zur Reinigung der Raumluft in der kalten Jahreszeit, wenn die Fenster nicht so oft ge\u00f6ffnet werden k\u00f6nnen. Die Einsatzm\u00f6glichkeiten sind so sch\u00f6n wie vielf\u00e4ltig: F\u00fcr die Duftlampe, die Sauna oder zum Mischen von K\u00f6rper\u00f6len eignet sich die Essenz aus reinsten Extrakten der Pflanze. Ganz ohne k\u00fcnstliche Zus\u00e4tze. Nicht zur Einnahme bestimmt! &#8211; jetzt online bestellen und direkt zu Ihnen nach Hause liefern lassen!<\/p>\n","protected":false},"excerpt":{"rendered":"<p>Sonnentor Zitronen Eukalyptus \u00e4therisches \u00d6l eignet sich hervorragend zur Reinigung der Raumluft in der kalten Jahreszeit, wenn die Fenster nicht so oft ge\u00f6ffnet werden k\u00f6nnen. Die Einsatzm\u00f6glichkeiten sind so sch\u00f6n wie vielf\u00e4ltig: F\u00fcr die Duftlampe, die Sauna oder zum Mischen von K\u00f6rper\u00f6len eignet sich die Essenz aus reinsten Extrakten der Pflanze. Ganz ohne k\u00fcnstliche Zus\u00e4tze. [&hellip;]<\/p>\n","protected":false},"featured_media":94526,"template":"","meta":{"_acf_changed":false},"product_brand":[925],"product_cat":[791],"product_tag":[],"class_list":{"0":"post-94524","1":"product","2":"type-product","3":"status-publish","4":"has-post-thumbnail","6":"product_brand-sonnentor","7":"product_cat-s","8":"pa_packungsgroesse-10ml","10":"first","11":"instock","12":"shipping-taxable","13":"purchasable","14":"product-type-simple"},"acf":[],"_links":{"self":[{"href":"https:\/\/www.ernstbrunn-apotheke.at\/katalog\/wp-json\/wp\/v2\/product\/94524","targetHints":{"allow":["GET"]}}],"collection":[{"href":"https:\/\/www.ernstbrunn-apotheke.at\/katalog\/wp-json\/wp\/v2\/product"}],"about":[{"href":"https:\/\/www.ernstbrunn-apotheke.at\/katalog\/wp-json\/wp\/v2\/types\/product"}],"wp:featuredmedia":[{"embeddable":true,"href":"https:\/\/www.ernstbrunn-apotheke.at\/katalog\/wp-json\/wp\/v2\/media\/94526"}],"wp:attachment":[{"href":"https:\/\/www.ernstbrunn-apotheke.at\/katalog\/wp-json\/wp\/v2\/media?parent=94524"}],"wp:term":[{"taxonomy":"product_brand","embeddable":true,"href":"https:\/\/www.ernstbrunn-apotheke.at\/katalog\/wp-json\/wp\/v2\/product_brand?post=94524"},{"taxonomy":"product_cat","embeddable":true,"href":"https:\/\/www.ernstbrunn-apotheke.at\/katalog\/wp-json\/wp\/v2\/product_cat?post=94524"},{"taxonomy":"product_tag","embeddable":true,"href":"https:\/\/www.ernstbrunn-apotheke.at\/katalog\/wp-json\/wp\/v2\/product_tag?post=94524"}],"curies":[{"name":"wp","href":"https:\/\/api.w.org\/{rel}","templated":true}]}}