{"id":9441,"date":"2025-11-07T13:58:47","date_gmt":"2025-11-07T12:58:47","guid":{"rendered":"https:\/\/www.ernstbrunn-apotheke.at\/katalog\/produkt\/pressotherm-kohaesive-bandage-rot-8cm-x-4m\/"},"modified":"2025-12-08T13:29:02","modified_gmt":"2025-12-08T12:29:02","slug":"pressotherm-kohaesive-bandage-rot-8cm-x-4m","status":"publish","type":"product","link":"https:\/\/www.ernstbrunn-apotheke.at\/katalog\/produkt\/pressotherm-kohaesive-bandage-rot-8cm-x-4m\/","title":{"rendered":"Pressotherm koh\u00e4sive Bandage rot 8cm x 4m"},"content":{"rendered":"<p>Pressotherm steht f\u00fcr Produkte zur K\u00e4lte- und W\u00e4rmetherapie sowie die beliebten ProfiTapes. Diese Tapes, Bandagen und Kompressen sind aufgrund ihrer hohen Qualit\u00e4t erste Wahl im Vergleich zu anderen Produkten.<\/p>\n","protected":false},"excerpt":{"rendered":"<p>Pressotherm steht f\u00fcr Produkte zur K\u00e4lte- und W\u00e4rmetherapie sowie die beliebten ProfiTapes. Diese Tapes, Bandagen und Kompressen sind aufgrund ihrer hohen Qualit\u00e4t erste Wahl im Vergleich zu anderen Produkten.<\/p>\n","protected":false},"featured_media":9443,"template":"","meta":{"_acf_changed":false},"product_brand":[],"product_cat":[793],"product_tag":[],"class_list":{"0":"post-9441","1":"product","2":"type-product","3":"status-publish","4":"has-post-thumbnail","6":"product_cat-p","7":"pa_farbe-blau","8":"pa_farbe-gelb","9":"pa_farbe-gruen","10":"pa_farbe-rot","11":"pa_farbe-schwarz","12":"pa_farbe-weiss","13":"pa_packungsgroesse-1-stueck","15":"first","16":"instock","17":"shipping-taxable","18":"purchasable","19":"product-type-variable"},"acf":[],"_links":{"self":[{"href":"https:\/\/www.ernstbrunn-apotheke.at\/katalog\/wp-json\/wp\/v2\/product\/9441","targetHints":{"allow":["GET"]}}],"collection":[{"href":"https:\/\/www.ernstbrunn-apotheke.at\/katalog\/wp-json\/wp\/v2\/product"}],"about":[{"href":"https:\/\/www.ernstbrunn-apotheke.at\/katalog\/wp-json\/wp\/v2\/types\/product"}],"wp:featuredmedia":[{"embeddable":true,"href":"https:\/\/www.ernstbrunn-apotheke.at\/katalog\/wp-json\/wp\/v2\/media\/9443"}],"wp:attachment":[{"href":"https:\/\/www.ernstbrunn-apotheke.at\/katalog\/wp-json\/wp\/v2\/media?parent=9441"}],"wp:term":[{"taxonomy":"product_brand","embeddable":true,"href":"https:\/\/www.ernstbrunn-apotheke.at\/katalog\/wp-json\/wp\/v2\/product_brand?post=9441"},{"taxonomy":"product_cat","embeddable":true,"href":"https:\/\/www.ernstbrunn-apotheke.at\/katalog\/wp-json\/wp\/v2\/product_cat?post=9441"},{"taxonomy":"product_tag","embeddable":true,"href":"https:\/\/www.ernstbrunn-apotheke.at\/katalog\/wp-json\/wp\/v2\/product_tag?post=9441"}],"curies":[{"name":"wp","href":"https:\/\/api.w.org\/{rel}","templated":true}]}}