{"id":93231,"date":"2025-11-12T09:21:08","date_gmt":"2025-11-12T08:21:08","guid":{"rendered":"https:\/\/www.ernstbrunn-apotheke.at\/katalog\/produkt\/kijimea-reizmagen-kapseln-40-stk\/"},"modified":"2025-12-08T20:34:05","modified_gmt":"2025-12-08T19:34:05","slug":"kijimea-reizmagen-kapseln-40-stk","status":"publish","type":"product","link":"https:\/\/www.ernstbrunn-apotheke.at\/katalog\/produkt\/kijimea-reizmagen-kapseln-40-stk\/","title":{"rendered":"Kijimea Reizmagen Kapseln 40 Stk."},"content":{"rendered":"<p>Viele Betroffene sp\u00fcren sie w\u00e4hrend oder nach dem Essen: Beschwerden wie wiederkehrende Magenschmerzen, V\u00f6llegef\u00fchl, \u00dcbelkeit, fr\u00fchzeitiges S\u00e4ttigungsgef\u00fchl oder Magenbrennen. Diese Symptome sind charakteristisch f\u00fcr einen Reizmagen. Kijimea\u00ae Reizmagen ist ein Medizinprodukt und wird angewendet zur Behandlung eines Reizmagens und der Symptome Schmerzen im Oberbauch, V\u00f6llegef\u00fchl, vorzeitiges S\u00e4ttigungsgef\u00fchl, \u00dcbelkeit und Appetitlosigkeit.<\/p>\n","protected":false},"excerpt":{"rendered":"<p>Viele Betroffene sp\u00fcren sie w\u00e4hrend oder nach dem Essen: Beschwerden wie wiederkehrende Magenschmerzen, V\u00f6llegef\u00fchl, \u00dcbelkeit, fr\u00fchzeitiges S\u00e4ttigungsgef\u00fchl oder Magenbrennen. Diese Symptome sind charakteristisch f\u00fcr einen Reizmagen. Kijimea\u00ae Reizmagen ist ein Medizinprodukt und wird angewendet zur Behandlung eines Reizmagens und der Symptome Schmerzen im Oberbauch, V\u00f6llegef\u00fchl, vorzeitiges S\u00e4ttigungsgef\u00fchl, \u00dcbelkeit und Appetitlosigkeit.<\/p>\n","protected":false},"featured_media":93233,"template":"","meta":{"_acf_changed":false},"product_brand":[1177],"product_cat":[807],"product_tag":[],"class_list":{"0":"post-93231","1":"product","2":"type-product","3":"status-publish","4":"has-post-thumbnail","6":"product_brand-kijimea","7":"product_cat-k","8":"pa_packungsgroesse-40-stueck","10":"first","11":"instock","12":"shipping-taxable","13":"purchasable","14":"product-type-simple"},"acf":[],"_links":{"self":[{"href":"https:\/\/www.ernstbrunn-apotheke.at\/katalog\/wp-json\/wp\/v2\/product\/93231","targetHints":{"allow":["GET"]}}],"collection":[{"href":"https:\/\/www.ernstbrunn-apotheke.at\/katalog\/wp-json\/wp\/v2\/product"}],"about":[{"href":"https:\/\/www.ernstbrunn-apotheke.at\/katalog\/wp-json\/wp\/v2\/types\/product"}],"wp:featuredmedia":[{"embeddable":true,"href":"https:\/\/www.ernstbrunn-apotheke.at\/katalog\/wp-json\/wp\/v2\/media\/93233"}],"wp:attachment":[{"href":"https:\/\/www.ernstbrunn-apotheke.at\/katalog\/wp-json\/wp\/v2\/media?parent=93231"}],"wp:term":[{"taxonomy":"product_brand","embeddable":true,"href":"https:\/\/www.ernstbrunn-apotheke.at\/katalog\/wp-json\/wp\/v2\/product_brand?post=93231"},{"taxonomy":"product_cat","embeddable":true,"href":"https:\/\/www.ernstbrunn-apotheke.at\/katalog\/wp-json\/wp\/v2\/product_cat?post=93231"},{"taxonomy":"product_tag","embeddable":true,"href":"https:\/\/www.ernstbrunn-apotheke.at\/katalog\/wp-json\/wp\/v2\/product_tag?post=93231"}],"curies":[{"name":"wp","href":"https:\/\/api.w.org\/{rel}","templated":true}]}}