{"id":93182,"date":"2025-11-12T09:20:11","date_gmt":"2025-11-12T08:20:11","guid":{"rendered":"https:\/\/www.ernstbrunn-apotheke.at\/katalog\/produkt\/la-roche-posay-toleriane-ultra-8-45-ml\/"},"modified":"2025-12-08T20:33:56","modified_gmt":"2025-12-08T19:33:56","slug":"la-roche-posay-toleriane-ultra-8-45-ml","status":"publish","type":"product","link":"https:\/\/www.ernstbrunn-apotheke.at\/katalog\/produkt\/la-roche-posay-toleriane-ultra-8-45-ml\/","title":{"rendered":"La Roche-Posay Toleriane Ultra 8 45 ml"},"content":{"rendered":"<p>Eine beruhigende, hochkonzentrierte Feuchtigkeitspflege f\u00fcr jeden Tag in Form eines ultraleichten Sprays, das augenblicklich langanhaltende Feuchtigkeit spendet. Au\u00dferdem st\u00e4rkt und repariert das Spray die Hautbarriere. Die Feuchtigkeitspflege ist f\u00fcr empfindliche oder zu Allergien neigende Haut geeignet und ist frei von potentiell reizenden Substanzen.<\/p>\n","protected":false},"excerpt":{"rendered":"<p>Eine beruhigende, hochkonzentrierte Feuchtigkeitspflege f\u00fcr jeden Tag in Form eines ultraleichten Sprays, das augenblicklich langanhaltende Feuchtigkeit spendet. Au\u00dferdem st\u00e4rkt und repariert das Spray die Hautbarriere. Die Feuchtigkeitspflege ist f\u00fcr empfindliche oder zu Allergien neigende Haut geeignet und ist frei von potentiell reizenden Substanzen.<\/p>\n","protected":false},"featured_media":93184,"template":"","meta":{"_acf_changed":false},"product_brand":[677],"product_cat":[795],"product_tag":[],"class_list":{"0":"post-93182","1":"product","2":"type-product","3":"status-publish","4":"has-post-thumbnail","6":"product_brand-la-roche-posay","7":"product_cat-l","8":"pa_packungsgroesse-45ml","10":"first","11":"instock","12":"shipping-taxable","13":"purchasable","14":"product-type-simple"},"acf":[],"_links":{"self":[{"href":"https:\/\/www.ernstbrunn-apotheke.at\/katalog\/wp-json\/wp\/v2\/product\/93182","targetHints":{"allow":["GET"]}}],"collection":[{"href":"https:\/\/www.ernstbrunn-apotheke.at\/katalog\/wp-json\/wp\/v2\/product"}],"about":[{"href":"https:\/\/www.ernstbrunn-apotheke.at\/katalog\/wp-json\/wp\/v2\/types\/product"}],"wp:featuredmedia":[{"embeddable":true,"href":"https:\/\/www.ernstbrunn-apotheke.at\/katalog\/wp-json\/wp\/v2\/media\/93184"}],"wp:attachment":[{"href":"https:\/\/www.ernstbrunn-apotheke.at\/katalog\/wp-json\/wp\/v2\/media?parent=93182"}],"wp:term":[{"taxonomy":"product_brand","embeddable":true,"href":"https:\/\/www.ernstbrunn-apotheke.at\/katalog\/wp-json\/wp\/v2\/product_brand?post=93182"},{"taxonomy":"product_cat","embeddable":true,"href":"https:\/\/www.ernstbrunn-apotheke.at\/katalog\/wp-json\/wp\/v2\/product_cat?post=93182"},{"taxonomy":"product_tag","embeddable":true,"href":"https:\/\/www.ernstbrunn-apotheke.at\/katalog\/wp-json\/wp\/v2\/product_tag?post=93182"}],"curies":[{"name":"wp","href":"https:\/\/api.w.org\/{rel}","templated":true}]}}