{"id":93069,"date":"2025-11-12T09:17:49","date_gmt":"2025-11-12T08:17:49","guid":{"rendered":"https:\/\/www.ernstbrunn-apotheke.at\/katalog\/produkt\/helfe-abietin-badebalsam\/"},"modified":"2025-12-08T20:33:36","modified_gmt":"2025-12-08T19:33:36","slug":"helfe-abietin-badebalsam","status":"publish","type":"product","link":"https:\/\/www.ernstbrunn-apotheke.at\/katalog\/produkt\/helfe-abietin-badebalsam\/","title":{"rendered":"Helfe Abietin Badebalsam"},"content":{"rendered":"<p>Helfe Abietin Badebalsam entf\u00fchrt die Seele mit seinen Ger\u00fcchen zu einem Spaziergang durch einen Nadelwald im Fr\u00fchling. Abietin verbindet die \u00e4therischen \u00d6le aus Tanne, Fichte und Latschenkiefer. Die erfrischenden \u00d6le und Aromen sind genau das Richtige f\u00fcr neue Energie nach einem anstrengenden Tag.<\/p>\n","protected":false},"excerpt":{"rendered":"<p>Helfe Abietin Badebalsam entf\u00fchrt die Seele mit seinen Ger\u00fcchen zu einem Spaziergang durch einen Nadelwald im Fr\u00fchling. Abietin verbindet die \u00e4therischen \u00d6le aus Tanne, Fichte und Latschenkiefer. Die erfrischenden \u00d6le und Aromen sind genau das Richtige f\u00fcr neue Energie nach einem anstrengenden Tag.<\/p>\n","protected":false},"featured_media":93071,"template":"","meta":{"_acf_changed":false},"product_brand":[655],"product_cat":[805],"product_tag":[],"class_list":{"0":"post-93069","1":"product","2":"type-product","3":"status-publish","4":"has-post-thumbnail","6":"product_brand-helfe","7":"product_cat-h","8":"pa_packungsgroesse-200ml","10":"first","11":"instock","12":"shipping-taxable","13":"purchasable","14":"product-type-simple"},"acf":[],"_links":{"self":[{"href":"https:\/\/www.ernstbrunn-apotheke.at\/katalog\/wp-json\/wp\/v2\/product\/93069","targetHints":{"allow":["GET"]}}],"collection":[{"href":"https:\/\/www.ernstbrunn-apotheke.at\/katalog\/wp-json\/wp\/v2\/product"}],"about":[{"href":"https:\/\/www.ernstbrunn-apotheke.at\/katalog\/wp-json\/wp\/v2\/types\/product"}],"wp:featuredmedia":[{"embeddable":true,"href":"https:\/\/www.ernstbrunn-apotheke.at\/katalog\/wp-json\/wp\/v2\/media\/93071"}],"wp:attachment":[{"href":"https:\/\/www.ernstbrunn-apotheke.at\/katalog\/wp-json\/wp\/v2\/media?parent=93069"}],"wp:term":[{"taxonomy":"product_brand","embeddable":true,"href":"https:\/\/www.ernstbrunn-apotheke.at\/katalog\/wp-json\/wp\/v2\/product_brand?post=93069"},{"taxonomy":"product_cat","embeddable":true,"href":"https:\/\/www.ernstbrunn-apotheke.at\/katalog\/wp-json\/wp\/v2\/product_cat?post=93069"},{"taxonomy":"product_tag","embeddable":true,"href":"https:\/\/www.ernstbrunn-apotheke.at\/katalog\/wp-json\/wp\/v2\/product_tag?post=93069"}],"curies":[{"name":"wp","href":"https:\/\/api.w.org\/{rel}","templated":true}]}}