{"id":92626,"date":"2025-11-12T09:09:08","date_gmt":"2025-11-12T08:09:08","guid":{"rendered":"https:\/\/www.ernstbrunn-apotheke.at\/katalog\/produkt\/apo-tuss-spag-peka-tropfen\/"},"modified":"2025-12-08T20:30:57","modified_gmt":"2025-12-08T19:30:57","slug":"apo-tuss-spag-peka-tropfen","status":"publish","type":"product","link":"https:\/\/www.ernstbrunn-apotheke.at\/katalog\/produkt\/apo-tuss-spag-peka-tropfen\/","title":{"rendered":"apo-TUSS spag. Peka Tropfen"},"content":{"rendered":"<p>apo-TUSS spagyrische Peka Tropfen dienen zur unterst\u00fctzenden Behandlung von Erk\u00e4ltungs-, Keuch- und Krupphusten und entz\u00fcndlichen Reizungen der Atemwege.<\/p>\n","protected":false},"excerpt":{"rendered":"<p>apo-TUSS spagyrische Peka Tropfen dienen zur unterst\u00fctzenden Behandlung von Erk\u00e4ltungs-, Keuch- und Krupphusten und entz\u00fcndlichen Reizungen der Atemwege.<\/p>\n","protected":false},"featured_media":92628,"template":"","meta":{"_acf_changed":false},"product_brand":[],"product_cat":[801],"product_tag":[],"class_list":{"0":"post-92626","1":"product","2":"type-product","3":"status-publish","4":"has-post-thumbnail","6":"product_cat-a","7":"pa_packungsgroesse-50ml","9":"first","10":"instock","11":"shipping-taxable","12":"purchasable","13":"product-type-simple"},"acf":[],"_links":{"self":[{"href":"https:\/\/www.ernstbrunn-apotheke.at\/katalog\/wp-json\/wp\/v2\/product\/92626","targetHints":{"allow":["GET"]}}],"collection":[{"href":"https:\/\/www.ernstbrunn-apotheke.at\/katalog\/wp-json\/wp\/v2\/product"}],"about":[{"href":"https:\/\/www.ernstbrunn-apotheke.at\/katalog\/wp-json\/wp\/v2\/types\/product"}],"wp:featuredmedia":[{"embeddable":true,"href":"https:\/\/www.ernstbrunn-apotheke.at\/katalog\/wp-json\/wp\/v2\/media\/92628"}],"wp:attachment":[{"href":"https:\/\/www.ernstbrunn-apotheke.at\/katalog\/wp-json\/wp\/v2\/media?parent=92626"}],"wp:term":[{"taxonomy":"product_brand","embeddable":true,"href":"https:\/\/www.ernstbrunn-apotheke.at\/katalog\/wp-json\/wp\/v2\/product_brand?post=92626"},{"taxonomy":"product_cat","embeddable":true,"href":"https:\/\/www.ernstbrunn-apotheke.at\/katalog\/wp-json\/wp\/v2\/product_cat?post=92626"},{"taxonomy":"product_tag","embeddable":true,"href":"https:\/\/www.ernstbrunn-apotheke.at\/katalog\/wp-json\/wp\/v2\/product_tag?post=92626"}],"curies":[{"name":"wp","href":"https:\/\/api.w.org\/{rel}","templated":true}]}}