{"id":92304,"date":"2025-11-12T09:02:04","date_gmt":"2025-11-12T08:02:04","guid":{"rendered":"https:\/\/www.ernstbrunn-apotheke.at\/katalog\/produkt\/a-vogel-santasapina-bonbons\/"},"modified":"2025-12-08T20:29:26","modified_gmt":"2025-12-08T19:29:26","slug":"a-vogel-santasapina-bonbons","status":"publish","type":"product","link":"https:\/\/www.ernstbrunn-apotheke.at\/katalog\/produkt\/a-vogel-santasapina-bonbons\/","title":{"rendered":"A.Vogel Santasapina Bonbons"},"content":{"rendered":"<p>A.Vogel Santasapina Bonbons enthalten den fl\u00fcssigen Rottannenknospen-Extrakt und Honig. Wohltuend f\u00fcr Rachen und Hals bei Heiserkeit, Husten und Katarrh. Sie wirken l\u00f6send bei leichter Verschleimung. Auch f\u00fcr Kinder bestens geeignet.<\/p>\n","protected":false},"excerpt":{"rendered":"<p>A.Vogel Santasapina Bonbons enthalten den fl\u00fcssigen Rottannenknospen-Extrakt und Honig. Wohltuend f\u00fcr Rachen und Hals bei Heiserkeit, Husten und Katarrh. Sie wirken l\u00f6send bei leichter Verschleimung. Auch f\u00fcr Kinder bestens geeignet.<\/p>\n","protected":false},"featured_media":92306,"template":"","meta":{"_acf_changed":false},"product_brand":[],"product_cat":[801],"product_tag":[],"class_list":{"0":"post-92304","1":"product","2":"type-product","3":"status-publish","4":"has-post-thumbnail","6":"product_cat-a","7":"pa_packungsgroesse-100g","9":"first","10":"instock","11":"shipping-taxable","12":"purchasable","13":"product-type-simple"},"acf":[],"_links":{"self":[{"href":"https:\/\/www.ernstbrunn-apotheke.at\/katalog\/wp-json\/wp\/v2\/product\/92304","targetHints":{"allow":["GET"]}}],"collection":[{"href":"https:\/\/www.ernstbrunn-apotheke.at\/katalog\/wp-json\/wp\/v2\/product"}],"about":[{"href":"https:\/\/www.ernstbrunn-apotheke.at\/katalog\/wp-json\/wp\/v2\/types\/product"}],"wp:featuredmedia":[{"embeddable":true,"href":"https:\/\/www.ernstbrunn-apotheke.at\/katalog\/wp-json\/wp\/v2\/media\/92306"}],"wp:attachment":[{"href":"https:\/\/www.ernstbrunn-apotheke.at\/katalog\/wp-json\/wp\/v2\/media?parent=92304"}],"wp:term":[{"taxonomy":"product_brand","embeddable":true,"href":"https:\/\/www.ernstbrunn-apotheke.at\/katalog\/wp-json\/wp\/v2\/product_brand?post=92304"},{"taxonomy":"product_cat","embeddable":true,"href":"https:\/\/www.ernstbrunn-apotheke.at\/katalog\/wp-json\/wp\/v2\/product_cat?post=92304"},{"taxonomy":"product_tag","embeddable":true,"href":"https:\/\/www.ernstbrunn-apotheke.at\/katalog\/wp-json\/wp\/v2\/product_tag?post=92304"}],"curies":[{"name":"wp","href":"https:\/\/api.w.org\/{rel}","templated":true}]}}