{"id":92131,"date":"2025-11-12T08:58:22","date_gmt":"2025-11-12T07:58:22","guid":{"rendered":"https:\/\/www.ernstbrunn-apotheke.at\/katalog\/produkt\/unterweger-franzbranntwein-latschenkiefer-2\/"},"modified":"2025-12-08T20:28:36","modified_gmt":"2025-12-08T19:28:36","slug":"unterweger-franzbranntwein-latschenkiefer-2","status":"publish","type":"product","link":"https:\/\/www.ernstbrunn-apotheke.at\/katalog\/produkt\/unterweger-franzbranntwein-latschenkiefer-2\/","title":{"rendered":"Unterweger Franzbranntwein Latschenkiefer"},"content":{"rendered":"<p>Als altes Hausmittel bekannt und bew\u00e4hrt. Mit garantiert echtem Tiroler Latschenkiefer\u00f6l. Enth\u00e4lt 60 % Alkohol mit Menthol. F\u00f6rdert die Durchblutung der Haut. Wohltuend vor und nach k\u00f6rperlichen Anstrengungen, bei M\u00fcdigkeit und Abgespanntheit. Frei von Parabenen, Paraffinen und Mineral\u00f6len. Ohne k\u00fcnstliche Farbstoffe, Duftstoffe und Konservierungsmittel..<\/p>\n","protected":false},"excerpt":{"rendered":"<p>Als altes Hausmittel bekannt und bew\u00e4hrt. Mit garantiert echtem Tiroler Latschenkiefer\u00f6l. Enth\u00e4lt 60 % Alkohol mit Menthol. F\u00f6rdert die Durchblutung der Haut. Wohltuend vor und nach k\u00f6rperlichen Anstrengungen, bei M\u00fcdigkeit und Abgespanntheit. Frei von Parabenen, Paraffinen und Mineral\u00f6len. Ohne k\u00fcnstliche Farbstoffe, Duftstoffe und Konservierungsmittel..<\/p>\n","protected":false},"featured_media":92133,"template":"","meta":{"_acf_changed":false},"product_brand":[],"product_cat":[848],"product_tag":[],"class_list":{"0":"post-92131","1":"product","2":"type-product","3":"status-publish","4":"has-post-thumbnail","6":"product_cat-u","7":"pa_packungsgroesse-500ml","9":"first","10":"instock","11":"shipping-taxable","12":"purchasable","13":"product-type-simple"},"acf":[],"_links":{"self":[{"href":"https:\/\/www.ernstbrunn-apotheke.at\/katalog\/wp-json\/wp\/v2\/product\/92131","targetHints":{"allow":["GET"]}}],"collection":[{"href":"https:\/\/www.ernstbrunn-apotheke.at\/katalog\/wp-json\/wp\/v2\/product"}],"about":[{"href":"https:\/\/www.ernstbrunn-apotheke.at\/katalog\/wp-json\/wp\/v2\/types\/product"}],"wp:featuredmedia":[{"embeddable":true,"href":"https:\/\/www.ernstbrunn-apotheke.at\/katalog\/wp-json\/wp\/v2\/media\/92133"}],"wp:attachment":[{"href":"https:\/\/www.ernstbrunn-apotheke.at\/katalog\/wp-json\/wp\/v2\/media?parent=92131"}],"wp:term":[{"taxonomy":"product_brand","embeddable":true,"href":"https:\/\/www.ernstbrunn-apotheke.at\/katalog\/wp-json\/wp\/v2\/product_brand?post=92131"},{"taxonomy":"product_cat","embeddable":true,"href":"https:\/\/www.ernstbrunn-apotheke.at\/katalog\/wp-json\/wp\/v2\/product_cat?post=92131"},{"taxonomy":"product_tag","embeddable":true,"href":"https:\/\/www.ernstbrunn-apotheke.at\/katalog\/wp-json\/wp\/v2\/product_tag?post=92131"}],"curies":[{"name":"wp","href":"https:\/\/api.w.org\/{rel}","templated":true}]}}