{"id":91987,"date":"2025-11-12T08:55:05","date_gmt":"2025-11-12T07:55:05","guid":{"rendered":"https:\/\/www.ernstbrunn-apotheke.at\/katalog\/produkt\/bano-murmelin-sport-und-gelenke-salbe\/"},"modified":"2025-12-08T20:28:07","modified_gmt":"2025-12-08T19:28:07","slug":"bano-murmelin-sport-und-gelenke-salbe","status":"publish","type":"product","link":"https:\/\/www.ernstbrunn-apotheke.at\/katalog\/produkt\/bano-murmelin-sport-und-gelenke-salbe\/","title":{"rendered":"Bano Murmelin Sport und Gelenke Salbe"},"content":{"rendered":"<p>Wohltuende Murmeltiersalbe mit wertvollem Murmeltier\u00f6l, echtem Arnikaextrakt sowie k\u00fchlendem Menthol und Latschenkiefer\u00f6l.<\/p>\n<p>&#13;<\/p>\n<p>Murmelin Sport- und Gelenkssalbe f\u00f6rdert die Durchblutung nach k\u00f6rperlichen Anstrengungen und Sport und wirkt entspannend bei Muskelkater und Hexenschu\u00df. Wohltuend auch f\u00fcr die Gelenke und den gesamten Bewegungsapparat.<\/p>\n<p>&#13;<\/p>\n<p>Die Murmelin Murmeltiersalbe wurde vor rund 40 Jahren in der Arlberg Apotheke in St. Anton\/Arlberg entwickelt &#8211; seitdem wird sie haupts\u00e4chlich in Apotheken verkauft, was f\u00fcr die hervorragende Wirksamkeit dieser Salbe spricht.<\/p>\n<p>&#13;<\/p>\n<p>\u00a0<\/p>\n<p>&#13;<\/p>\n<p>Die Inhaltsstoffe wie das wertvolle Murmeltier\u00f6l, echtes Arnikaextrakt, k\u00fchlendes Menthol sowie das herrlich riechende Latschenkiefern\u00f6l machen diese Sport- und Gelenksalbe zu einer nat\u00fcrlichen L\u00f6sung bei muskul\u00e4ren Verspannungen und wirken wohltuend auf den gesamten Bewegungsapparat.<\/p>\n<p>&#13;<\/p>\n<p>Murmeltierfett\u00a0wird seit Jahrhunderten bei Muskelkater, Verspannungen, Hexenschuss, \u00dcberbeanspruchung des Bewegungsapparates und zur Erhaltung gesunder Gelenke, Sehnen und Muskeln angewendet.<\/p>\n<p>&#13;<\/p>\n<p>Latschenkiefer\u00f6l und Arnika wirken durchblutungsf\u00f6rdernd und entspannend auf Muskeln und Gelenke. Das aus der Minze gewonnene Menthol hat zudem eine\u00a0auf die Muskulatur entspannende Wirkung.<\/p>\n","protected":false},"excerpt":{"rendered":"<p>Wohltuende Murmeltiersalbe mit wertvollem Murmeltier\u00f6l, echtem Arnikaextrakt sowie k\u00fchlendem Menthol und Latschenkiefer\u00f6l. &#13; Murmelin Sport- und Gelenkssalbe f\u00f6rdert die Durchblutung nach k\u00f6rperlichen Anstrengungen und Sport und wirkt entspannend bei Muskelkater und Hexenschu\u00df. Wohltuend auch f\u00fcr die Gelenke und den gesamten Bewegungsapparat. &#13; Die Murmelin Murmeltiersalbe wurde vor rund 40 Jahren in der Arlberg Apotheke in [&hellip;]<\/p>\n","protected":false},"featured_media":91989,"template":"","meta":{"_acf_changed":false},"product_brand":[1005],"product_cat":[802],"product_tag":[],"class_list":{"0":"post-91987","1":"product","2":"type-product","3":"status-publish","4":"has-post-thumbnail","6":"product_brand-bano","7":"product_cat-b","8":"pa_packungsgroesse-60ml","10":"first","11":"instock","12":"shipping-taxable","13":"purchasable","14":"product-type-simple"},"acf":[],"_links":{"self":[{"href":"https:\/\/www.ernstbrunn-apotheke.at\/katalog\/wp-json\/wp\/v2\/product\/91987","targetHints":{"allow":["GET"]}}],"collection":[{"href":"https:\/\/www.ernstbrunn-apotheke.at\/katalog\/wp-json\/wp\/v2\/product"}],"about":[{"href":"https:\/\/www.ernstbrunn-apotheke.at\/katalog\/wp-json\/wp\/v2\/types\/product"}],"wp:featuredmedia":[{"embeddable":true,"href":"https:\/\/www.ernstbrunn-apotheke.at\/katalog\/wp-json\/wp\/v2\/media\/91989"}],"wp:attachment":[{"href":"https:\/\/www.ernstbrunn-apotheke.at\/katalog\/wp-json\/wp\/v2\/media?parent=91987"}],"wp:term":[{"taxonomy":"product_brand","embeddable":true,"href":"https:\/\/www.ernstbrunn-apotheke.at\/katalog\/wp-json\/wp\/v2\/product_brand?post=91987"},{"taxonomy":"product_cat","embeddable":true,"href":"https:\/\/www.ernstbrunn-apotheke.at\/katalog\/wp-json\/wp\/v2\/product_cat?post=91987"},{"taxonomy":"product_tag","embeddable":true,"href":"https:\/\/www.ernstbrunn-apotheke.at\/katalog\/wp-json\/wp\/v2\/product_tag?post=91987"}],"curies":[{"name":"wp","href":"https:\/\/api.w.org\/{rel}","templated":true}]}}