{"id":9198,"date":"2025-11-07T13:54:39","date_gmt":"2025-11-07T12:54:39","guid":{"rendered":"https:\/\/www.ernstbrunn-apotheke.at\/katalog\/produkt\/tima-oculav-augen-hautspuelung\/"},"modified":"2025-12-08T13:27:10","modified_gmt":"2025-12-08T12:27:10","slug":"tima-oculav-augen-hautspuelung","status":"publish","type":"product","link":"https:\/\/www.ernstbrunn-apotheke.at\/katalog\/produkt\/tima-oculav-augen-hautspuelung\/","title":{"rendered":"TIMA &#8211; OCULAV Augen- &#038; Hautsp\u00fclung"},"content":{"rendered":"<p>Tima-oculav Augen-Sp\u00fcll\u00f6sung Opt bietet schnelle Sp\u00fclung der Augen. Bei S\u00e4uren &#038; Laugen.<\/p>\n","protected":false},"excerpt":{"rendered":"<p>Tima-oculav Augen-Sp\u00fcll\u00f6sung Opt bietet schnelle Sp\u00fclung der Augen. Bei S\u00e4uren &#038; Laugen.<\/p>\n","protected":false},"featured_media":9200,"template":"","meta":{"_acf_changed":false},"product_brand":[],"product_cat":[798],"product_tag":[],"class_list":{"0":"post-9198","1":"product","2":"type-product","3":"status-publish","4":"has-post-thumbnail","6":"product_cat-t","7":"pa_packungsgroesse-250ml","9":"first","10":"instock","11":"shipping-taxable","12":"purchasable","13":"product-type-simple"},"acf":[],"_links":{"self":[{"href":"https:\/\/www.ernstbrunn-apotheke.at\/katalog\/wp-json\/wp\/v2\/product\/9198","targetHints":{"allow":["GET"]}}],"collection":[{"href":"https:\/\/www.ernstbrunn-apotheke.at\/katalog\/wp-json\/wp\/v2\/product"}],"about":[{"href":"https:\/\/www.ernstbrunn-apotheke.at\/katalog\/wp-json\/wp\/v2\/types\/product"}],"wp:featuredmedia":[{"embeddable":true,"href":"https:\/\/www.ernstbrunn-apotheke.at\/katalog\/wp-json\/wp\/v2\/media\/9200"}],"wp:attachment":[{"href":"https:\/\/www.ernstbrunn-apotheke.at\/katalog\/wp-json\/wp\/v2\/media?parent=9198"}],"wp:term":[{"taxonomy":"product_brand","embeddable":true,"href":"https:\/\/www.ernstbrunn-apotheke.at\/katalog\/wp-json\/wp\/v2\/product_brand?post=9198"},{"taxonomy":"product_cat","embeddable":true,"href":"https:\/\/www.ernstbrunn-apotheke.at\/katalog\/wp-json\/wp\/v2\/product_cat?post=9198"},{"taxonomy":"product_tag","embeddable":true,"href":"https:\/\/www.ernstbrunn-apotheke.at\/katalog\/wp-json\/wp\/v2\/product_tag?post=9198"}],"curies":[{"name":"wp","href":"https:\/\/api.w.org\/{rel}","templated":true}]}}