{"id":91958,"date":"2025-11-12T08:53:44","date_gmt":"2025-11-12T07:53:44","guid":{"rendered":"https:\/\/www.ernstbrunn-apotheke.at\/katalog\/produkt\/rohde-hirschtalk-creme-chlorophyll\/"},"modified":"2025-12-08T20:28:02","modified_gmt":"2025-12-08T19:28:02","slug":"rohde-hirschtalk-creme-chlorophyll","status":"publish","type":"product","link":"https:\/\/www.ernstbrunn-apotheke.at\/katalog\/produkt\/rohde-hirschtalk-creme-chlorophyll\/","title":{"rendered":"Rohde Hirschtalk Creme + Chlorophyll"},"content":{"rendered":"<p>Rohde\u00ae Hirschtalg Creme sch\u00fctzt wie eine zweite Haut vor \u00e4u\u00dferen Einfl\u00fcssen und beugt Blasen, Druckstellen und Wundscheuern vor.<\/p>\n","protected":false},"excerpt":{"rendered":"<p>Rohde\u00ae Hirschtalg Creme sch\u00fctzt wie eine zweite Haut vor \u00e4u\u00dferen Einfl\u00fcssen und beugt Blasen, Druckstellen und Wundscheuern vor.<\/p>\n","protected":false},"featured_media":91960,"template":"","meta":{"_acf_changed":false},"product_brand":[],"product_cat":[808],"product_tag":[],"class_list":{"0":"post-91958","1":"product","2":"type-product","3":"status-publish","4":"has-post-thumbnail","6":"product_cat-r","7":"pa_packungsgroesse-100ml","9":"first","10":"instock","11":"shipping-taxable","12":"purchasable","13":"product-type-simple"},"acf":[],"_links":{"self":[{"href":"https:\/\/www.ernstbrunn-apotheke.at\/katalog\/wp-json\/wp\/v2\/product\/91958","targetHints":{"allow":["GET"]}}],"collection":[{"href":"https:\/\/www.ernstbrunn-apotheke.at\/katalog\/wp-json\/wp\/v2\/product"}],"about":[{"href":"https:\/\/www.ernstbrunn-apotheke.at\/katalog\/wp-json\/wp\/v2\/types\/product"}],"wp:featuredmedia":[{"embeddable":true,"href":"https:\/\/www.ernstbrunn-apotheke.at\/katalog\/wp-json\/wp\/v2\/media\/91960"}],"wp:attachment":[{"href":"https:\/\/www.ernstbrunn-apotheke.at\/katalog\/wp-json\/wp\/v2\/media?parent=91958"}],"wp:term":[{"taxonomy":"product_brand","embeddable":true,"href":"https:\/\/www.ernstbrunn-apotheke.at\/katalog\/wp-json\/wp\/v2\/product_brand?post=91958"},{"taxonomy":"product_cat","embeddable":true,"href":"https:\/\/www.ernstbrunn-apotheke.at\/katalog\/wp-json\/wp\/v2\/product_cat?post=91958"},{"taxonomy":"product_tag","embeddable":true,"href":"https:\/\/www.ernstbrunn-apotheke.at\/katalog\/wp-json\/wp\/v2\/product_tag?post=91958"}],"curies":[{"name":"wp","href":"https:\/\/api.w.org\/{rel}","templated":true}]}}