{"id":91935,"date":"2025-11-12T08:53:44","date_gmt":"2025-11-12T07:53:44","guid":{"rendered":"https:\/\/www.ernstbrunn-apotheke.at\/katalog\/produkt\/aspro-classic-320-mg-ass-tabletten-2\/"},"modified":"2025-12-08T20:27:57","modified_gmt":"2025-12-08T19:27:57","slug":"aspro-classic-320-mg-ass-tabletten-2","status":"publish","type":"product","link":"https:\/\/www.ernstbrunn-apotheke.at\/katalog\/produkt\/aspro-classic-320-mg-ass-tabletten-2\/","title":{"rendered":"Aspro Classic 320 mg ASS Tabletten"},"content":{"rendered":"<p>AsproClassic ist die schnelle, zuverl\u00e4ssige Hilfe gegen Schmerzen und grippaleInfekte.<\/p>\n<p>Anwendungsgebiete<\/p>\n<p>AsproClassic wird zur symptomatischen Behandlung von leichten bis mittelstarken Schmerzenwie z.B. Kopfschmerzen, Zahnschmerzen und Regelschmerzen sowie zur Linderungvon Schmerzen und Senkung von Fieber bei Erk\u00e4ltungskrankheiten und grippalenInfekten angewendet.<\/p>\n<p>Wirkstoffe<\/p>\n<p>DerWirkstoff ist Acetylsalicyls\u00e4ure (ASS).<\/p>\n<p>Anwendungsempfehlung<\/p>\n<p>DieDosierungsempfehlung liegt bei Jugendlichen und Erwachsenen bei 2-3 Tabletten proTag, bei \u00e4lteren Personen (\u00fcber 65 Jahre) bei 2-3 Tabletten pro Tag und bei Jugendlichenab 12 Jahren bei 1-2 Tabletten pro Tag.<\/p>\n<p>Zusammensetzung<\/p>\n<p>Der Wirkstoff pro Tablettebetr\u00e4gt 320 mg Acetylsalicyls\u00e4ure (ASS). Die sonstigen Bestandteile sindKartoffelst\u00e4rke, Natriumlaurylsulfat und hochdisperses Siliziumdioxid.<\/p>\n","protected":false},"excerpt":{"rendered":"<p>AsproClassic ist die schnelle, zuverl\u00e4ssige Hilfe gegen Schmerzen und grippaleInfekte. Anwendungsgebiete AsproClassic wird zur symptomatischen Behandlung von leichten bis mittelstarken Schmerzenwie z.B. Kopfschmerzen, Zahnschmerzen und Regelschmerzen sowie zur Linderungvon Schmerzen und Senkung von Fieber bei Erk\u00e4ltungskrankheiten und grippalenInfekten angewendet. Wirkstoffe DerWirkstoff ist Acetylsalicyls\u00e4ure (ASS). Anwendungsempfehlung DieDosierungsempfehlung liegt bei Jugendlichen und Erwachsenen bei 2-3 Tabletten proTag, [&hellip;]<\/p>\n","protected":false},"featured_media":91937,"template":"","meta":{"_acf_changed":false},"product_brand":[],"product_cat":[801],"product_tag":[],"class_list":{"0":"post-91935","1":"product","2":"type-product","3":"status-publish","4":"has-post-thumbnail","6":"product_cat-a","7":"pa_farbe-weiss","8":"pa_packungsgroesse-60-stueck","10":"first","11":"instock","12":"shipping-taxable","13":"purchasable","14":"product-type-simple"},"acf":[],"_links":{"self":[{"href":"https:\/\/www.ernstbrunn-apotheke.at\/katalog\/wp-json\/wp\/v2\/product\/91935","targetHints":{"allow":["GET"]}}],"collection":[{"href":"https:\/\/www.ernstbrunn-apotheke.at\/katalog\/wp-json\/wp\/v2\/product"}],"about":[{"href":"https:\/\/www.ernstbrunn-apotheke.at\/katalog\/wp-json\/wp\/v2\/types\/product"}],"wp:featuredmedia":[{"embeddable":true,"href":"https:\/\/www.ernstbrunn-apotheke.at\/katalog\/wp-json\/wp\/v2\/media\/91937"}],"wp:attachment":[{"href":"https:\/\/www.ernstbrunn-apotheke.at\/katalog\/wp-json\/wp\/v2\/media?parent=91935"}],"wp:term":[{"taxonomy":"product_brand","embeddable":true,"href":"https:\/\/www.ernstbrunn-apotheke.at\/katalog\/wp-json\/wp\/v2\/product_brand?post=91935"},{"taxonomy":"product_cat","embeddable":true,"href":"https:\/\/www.ernstbrunn-apotheke.at\/katalog\/wp-json\/wp\/v2\/product_cat?post=91935"},{"taxonomy":"product_tag","embeddable":true,"href":"https:\/\/www.ernstbrunn-apotheke.at\/katalog\/wp-json\/wp\/v2\/product_tag?post=91935"}],"curies":[{"name":"wp","href":"https:\/\/api.w.org\/{rel}","templated":true}]}}