{"id":91786,"date":"2025-11-12T08:22:07","date_gmt":"2025-11-12T07:22:07","guid":{"rendered":"https:\/\/www.ernstbrunn-apotheke.at\/katalog\/produkt\/angina-gastreu-r1-tropfen\/"},"modified":"2025-12-08T20:27:05","modified_gmt":"2025-12-08T19:27:05","slug":"angina-gastreu-r1-tropfen","status":"publish","type":"product","link":"https:\/\/www.ernstbrunn-apotheke.at\/katalog\/produkt\/angina-gastreu-r1-tropfen\/","title":{"rendered":"Angina Gastreu R1 Tropfen"},"content":{"rendered":"<p>Angina Gastreu R1 Tropfen sind eine Kombination aus 7 bew\u00e4hrten hom\u00f6opathischen Wirkstoffen. Sie wirken gegen die Beschwerden, die im Rahmen einer akuten Rachenraum-Entz\u00fcndung auftreten. Zu den typischen Symptomen z\u00e4hlen: Kratzen im Hals, Halsschmerzen, geschwollene Rachenmandeln oder Trockenheit im Hals. Unser Tipp f\u00fcr Ihre Reiseapotheke.<\/p>\n","protected":false},"excerpt":{"rendered":"<p>Angina Gastreu R1 Tropfen sind eine Kombination aus 7 bew\u00e4hrten hom\u00f6opathischen Wirkstoffen. Sie wirken gegen die Beschwerden, die im Rahmen einer akuten Rachenraum-Entz\u00fcndung auftreten. Zu den typischen Symptomen z\u00e4hlen: Kratzen im Hals, Halsschmerzen, geschwollene Rachenmandeln oder Trockenheit im Hals. Unser Tipp f\u00fcr Ihre Reiseapotheke.<\/p>\n","protected":false},"featured_media":91788,"template":"","meta":{"_acf_changed":false},"product_brand":[],"product_cat":[801],"product_tag":[],"class_list":{"0":"post-91786","1":"product","2":"type-product","3":"status-publish","4":"has-post-thumbnail","6":"product_cat-a","7":"pa_packungsgroesse-50ml","9":"first","10":"instock","11":"shipping-taxable","12":"purchasable","13":"product-type-simple"},"acf":[],"_links":{"self":[{"href":"https:\/\/www.ernstbrunn-apotheke.at\/katalog\/wp-json\/wp\/v2\/product\/91786","targetHints":{"allow":["GET"]}}],"collection":[{"href":"https:\/\/www.ernstbrunn-apotheke.at\/katalog\/wp-json\/wp\/v2\/product"}],"about":[{"href":"https:\/\/www.ernstbrunn-apotheke.at\/katalog\/wp-json\/wp\/v2\/types\/product"}],"wp:featuredmedia":[{"embeddable":true,"href":"https:\/\/www.ernstbrunn-apotheke.at\/katalog\/wp-json\/wp\/v2\/media\/91788"}],"wp:attachment":[{"href":"https:\/\/www.ernstbrunn-apotheke.at\/katalog\/wp-json\/wp\/v2\/media?parent=91786"}],"wp:term":[{"taxonomy":"product_brand","embeddable":true,"href":"https:\/\/www.ernstbrunn-apotheke.at\/katalog\/wp-json\/wp\/v2\/product_brand?post=91786"},{"taxonomy":"product_cat","embeddable":true,"href":"https:\/\/www.ernstbrunn-apotheke.at\/katalog\/wp-json\/wp\/v2\/product_cat?post=91786"},{"taxonomy":"product_tag","embeddable":true,"href":"https:\/\/www.ernstbrunn-apotheke.at\/katalog\/wp-json\/wp\/v2\/product_tag?post=91786"}],"curies":[{"name":"wp","href":"https:\/\/api.w.org\/{rel}","templated":true}]}}