{"id":91477,"date":"2025-11-12T07:54:18","date_gmt":"2025-11-12T06:54:18","guid":{"rendered":"https:\/\/www.ernstbrunn-apotheke.at\/katalog\/produkt\/regenaplex-nr-89a-15-ml\/"},"modified":"2025-12-08T20:25:25","modified_gmt":"2025-12-08T19:25:25","slug":"regenaplex-nr-89a-15-ml","status":"publish","type":"product","link":"https:\/\/www.ernstbrunn-apotheke.at\/katalog\/produkt\/regenaplex-nr-89a-15-ml\/","title":{"rendered":"Regenaplex Nr. 89A 15 ml"},"content":{"rendered":"<p>Regenaplex Nr. 89A dient der Zellregeneration, sowie der Aktivierung des Zellstoffwechsels. Au\u00dferdem hilft es der Sanierung des Zwischenzellbereichs und und ist ein effektives Mittel bei chronischen Krankheiten \/ L\u00e4hmungen, sowie bei Vernarbungen und Verwachsungen. Au\u00dferdem wird Regenaplex Nr. 89a bei Narkosen-, oder OP-Folgen angewendet &#8211; wir f\u00fchren alle Produkte von Regenaplex zu Sonderpreisen!<\/p>\n","protected":false},"excerpt":{"rendered":"<p>Regenaplex Nr. 89A dient der Zellregeneration, sowie der Aktivierung des Zellstoffwechsels. Au\u00dferdem hilft es der Sanierung des Zwischenzellbereichs und und ist ein effektives Mittel bei chronischen Krankheiten \/ L\u00e4hmungen, sowie bei Vernarbungen und Verwachsungen. Au\u00dferdem wird Regenaplex Nr. 89a bei Narkosen-, oder OP-Folgen angewendet &#8211; wir f\u00fchren alle Produkte von Regenaplex zu Sonderpreisen!<\/p>\n","protected":false},"featured_media":91479,"template":"","meta":{"_acf_changed":false},"product_brand":[937],"product_cat":[808],"product_tag":[],"class_list":{"0":"post-91477","1":"product","2":"type-product","3":"status-publish","4":"has-post-thumbnail","6":"product_brand-regenaplex","7":"product_cat-r","8":"pa_packungsgroesse-15ml","10":"first","11":"instock","12":"shipping-taxable","13":"purchasable","14":"product-type-simple"},"acf":[],"_links":{"self":[{"href":"https:\/\/www.ernstbrunn-apotheke.at\/katalog\/wp-json\/wp\/v2\/product\/91477","targetHints":{"allow":["GET"]}}],"collection":[{"href":"https:\/\/www.ernstbrunn-apotheke.at\/katalog\/wp-json\/wp\/v2\/product"}],"about":[{"href":"https:\/\/www.ernstbrunn-apotheke.at\/katalog\/wp-json\/wp\/v2\/types\/product"}],"wp:featuredmedia":[{"embeddable":true,"href":"https:\/\/www.ernstbrunn-apotheke.at\/katalog\/wp-json\/wp\/v2\/media\/91479"}],"wp:attachment":[{"href":"https:\/\/www.ernstbrunn-apotheke.at\/katalog\/wp-json\/wp\/v2\/media?parent=91477"}],"wp:term":[{"taxonomy":"product_brand","embeddable":true,"href":"https:\/\/www.ernstbrunn-apotheke.at\/katalog\/wp-json\/wp\/v2\/product_brand?post=91477"},{"taxonomy":"product_cat","embeddable":true,"href":"https:\/\/www.ernstbrunn-apotheke.at\/katalog\/wp-json\/wp\/v2\/product_cat?post=91477"},{"taxonomy":"product_tag","embeddable":true,"href":"https:\/\/www.ernstbrunn-apotheke.at\/katalog\/wp-json\/wp\/v2\/product_tag?post=91477"}],"curies":[{"name":"wp","href":"https:\/\/api.w.org\/{rel}","templated":true}]}}