{"id":90840,"date":"2025-11-12T07:40:23","date_gmt":"2025-11-12T06:40:23","guid":{"rendered":"https:\/\/www.ernstbrunn-apotheke.at\/katalog\/produkt\/infludo-tropfen-2\/"},"modified":"2025-12-08T20:22:44","modified_gmt":"2025-12-08T19:22:44","slug":"infludo-tropfen-2","status":"publish","type":"product","link":"https:\/\/www.ernstbrunn-apotheke.at\/katalog\/produkt\/infludo-tropfen-2\/","title":{"rendered":"Infludo Tropfen"},"content":{"rendered":"<p>Infludo-Tropfen helfen bei akutem Fieber, Sch\u00fcttelfrost und Gliederschmerzen. Im akuten Stadium der Erk\u00e4ltung wirkt das Produkt den Entz\u00fcndungsprozessen entgegen und lindert so die Beschwerden. Es harmonisiert vermehrte Schleimbildung, wirkt schmerzlindernd und reguliert das Fieber, ohne es zu unterdr\u00fccken. Die k\u00f6rpereigenen Abwehrkr\u00e4fte werden angeregt und somit der Genesungsprozess beschleunigt.<\/p>\n","protected":false},"excerpt":{"rendered":"<p>Infludo-Tropfen helfen bei akutem Fieber, Sch\u00fcttelfrost und Gliederschmerzen. Im akuten Stadium der Erk\u00e4ltung wirkt das Produkt den Entz\u00fcndungsprozessen entgegen und lindert so die Beschwerden. Es harmonisiert vermehrte Schleimbildung, wirkt schmerzlindernd und reguliert das Fieber, ohne es zu unterdr\u00fccken. Die k\u00f6rpereigenen Abwehrkr\u00e4fte werden angeregt und somit der Genesungsprozess beschleunigt.<\/p>\n","protected":false},"featured_media":90842,"template":"","meta":{"_acf_changed":false},"product_brand":[],"product_cat":[823],"product_tag":[],"class_list":{"0":"post-90840","1":"product","2":"type-product","3":"status-publish","4":"has-post-thumbnail","6":"product_cat-i","7":"pa_packungsgroesse-20ml","9":"first","10":"instock","11":"shipping-taxable","12":"purchasable","13":"product-type-simple"},"acf":[],"_links":{"self":[{"href":"https:\/\/www.ernstbrunn-apotheke.at\/katalog\/wp-json\/wp\/v2\/product\/90840","targetHints":{"allow":["GET"]}}],"collection":[{"href":"https:\/\/www.ernstbrunn-apotheke.at\/katalog\/wp-json\/wp\/v2\/product"}],"about":[{"href":"https:\/\/www.ernstbrunn-apotheke.at\/katalog\/wp-json\/wp\/v2\/types\/product"}],"wp:featuredmedia":[{"embeddable":true,"href":"https:\/\/www.ernstbrunn-apotheke.at\/katalog\/wp-json\/wp\/v2\/media\/90842"}],"wp:attachment":[{"href":"https:\/\/www.ernstbrunn-apotheke.at\/katalog\/wp-json\/wp\/v2\/media?parent=90840"}],"wp:term":[{"taxonomy":"product_brand","embeddable":true,"href":"https:\/\/www.ernstbrunn-apotheke.at\/katalog\/wp-json\/wp\/v2\/product_brand?post=90840"},{"taxonomy":"product_cat","embeddable":true,"href":"https:\/\/www.ernstbrunn-apotheke.at\/katalog\/wp-json\/wp\/v2\/product_cat?post=90840"},{"taxonomy":"product_tag","embeddable":true,"href":"https:\/\/www.ernstbrunn-apotheke.at\/katalog\/wp-json\/wp\/v2\/product_tag?post=90840"}],"curies":[{"name":"wp","href":"https:\/\/api.w.org\/{rel}","templated":true}]}}