{"id":90800,"date":"2025-11-12T07:39:20","date_gmt":"2025-11-12T06:39:20","guid":{"rendered":"https:\/\/www.ernstbrunn-apotheke.at\/katalog\/produkt\/bano-anfokali-tropfen\/"},"modified":"2025-12-08T20:22:33","modified_gmt":"2025-12-08T19:22:33","slug":"bano-anfokali-tropfen","status":"publish","type":"product","link":"https:\/\/www.ernstbrunn-apotheke.at\/katalog\/produkt\/bano-anfokali-tropfen\/","title":{"rendered":"Bano Anfokali Tropfen"},"content":{"rendered":"<p>Anfokali Tropfen sind ein hom\u00f6opathisches Arzneimittel zur Linderung der Symptome bei Beschwerden im Bereich des Nasen- und Rachenraumes sowie der Nasennebenh\u00f6hlen und f\u00f6rdern die\u00a0Selbstheilungskraft.<\/p>\n<p>&#13;<\/p>\n<p>\u00a0<\/p>\n<p>&#13;<\/p>\n<p><strong>Wirkung<\/strong><\/p>\n<p>&#13;<\/p>\n<p>Anfokali enth\u00e4lt neben 50% vol. Alkohol und Wasser folgende drei pflanzliche Wirkstoffe:<\/p>\n<p><strong>Guajacum\u00a0<\/strong>(Wirkstoff des Guajakbaums) wird eingesetzt bei Brennen im Hals mit R\u00f6tungen und Schwellungen, bei akuter Tonsillitis (Mandelentz\u00fcndung) mit Neigung zum Aufsteigen und bei Entz\u00fcndungen des harten Gaumens.<\/p>\n<p><strong>Cistus canadensis\u00a0<\/strong>(Wirkstoff der Zistrose) wird eingesetzt bei Schmerzen im Kehlkopf und bei Husten durch Stechen im Hals.<\/p>\n<p><strong>Lobaria pulmonaria<\/strong>\u00a0(Wirkstoff der Lungenflechte) hat eine spezifische hom\u00f6opathische Wirksamkeit bei Bronchitis, Erk\u00e4ltung, Halsweh, Husten, Influenza und Katarrh und wird weiters bei Kopfschmerz und Laryngitis (Kehlkopfentz\u00fcndung) eingesetzt.<\/p>\n","protected":false},"excerpt":{"rendered":"<p>Anfokali Tropfen sind ein hom\u00f6opathisches Arzneimittel zur Linderung der Symptome bei Beschwerden im Bereich des Nasen- und Rachenraumes sowie der Nasennebenh\u00f6hlen und f\u00f6rdern die\u00a0Selbstheilungskraft. &#13; \u00a0 &#13; Wirkung &#13; Anfokali enth\u00e4lt neben 50% vol. Alkohol und Wasser folgende drei pflanzliche Wirkstoffe: Guajacum\u00a0(Wirkstoff des Guajakbaums) wird eingesetzt bei Brennen im Hals mit R\u00f6tungen und Schwellungen, bei [&hellip;]<\/p>\n","protected":false},"featured_media":90802,"template":"","meta":{"_acf_changed":false},"product_brand":[1005],"product_cat":[802],"product_tag":[],"class_list":{"0":"post-90800","1":"product","2":"type-product","3":"status-publish","4":"has-post-thumbnail","6":"product_brand-bano","7":"product_cat-b","8":"pa_packungsgroesse-30ml","10":"first","11":"instock","12":"shipping-taxable","13":"purchasable","14":"product-type-simple"},"acf":[],"_links":{"self":[{"href":"https:\/\/www.ernstbrunn-apotheke.at\/katalog\/wp-json\/wp\/v2\/product\/90800","targetHints":{"allow":["GET"]}}],"collection":[{"href":"https:\/\/www.ernstbrunn-apotheke.at\/katalog\/wp-json\/wp\/v2\/product"}],"about":[{"href":"https:\/\/www.ernstbrunn-apotheke.at\/katalog\/wp-json\/wp\/v2\/types\/product"}],"wp:featuredmedia":[{"embeddable":true,"href":"https:\/\/www.ernstbrunn-apotheke.at\/katalog\/wp-json\/wp\/v2\/media\/90802"}],"wp:attachment":[{"href":"https:\/\/www.ernstbrunn-apotheke.at\/katalog\/wp-json\/wp\/v2\/media?parent=90800"}],"wp:term":[{"taxonomy":"product_brand","embeddable":true,"href":"https:\/\/www.ernstbrunn-apotheke.at\/katalog\/wp-json\/wp\/v2\/product_brand?post=90800"},{"taxonomy":"product_cat","embeddable":true,"href":"https:\/\/www.ernstbrunn-apotheke.at\/katalog\/wp-json\/wp\/v2\/product_cat?post=90800"},{"taxonomy":"product_tag","embeddable":true,"href":"https:\/\/www.ernstbrunn-apotheke.at\/katalog\/wp-json\/wp\/v2\/product_tag?post=90800"}],"curies":[{"name":"wp","href":"https:\/\/api.w.org\/{rel}","templated":true}]}}