{"id":90786,"date":"2025-11-12T07:39:20","date_gmt":"2025-11-12T06:39:20","guid":{"rendered":"https:\/\/www.ernstbrunn-apotheke.at\/katalog\/produkt\/zeel-tabletten\/"},"modified":"2025-12-08T20:22:29","modified_gmt":"2025-12-08T19:22:29","slug":"zeel-tabletten","status":"publish","type":"product","link":"https:\/\/www.ernstbrunn-apotheke.at\/katalog\/produkt\/zeel-tabletten\/","title":{"rendered":"Zeel Tabletten"},"content":{"rendered":"<p>Mit den individuell aufeinander abgestimmten, rein pflanzlichen Wirkstoffen Arnika und Blutwurzel wird ein Reiz gesetzt, der den K\u00f6rper auffordert, sich selbst zu heilen. Zeel-Tabletten wirken nat\u00fcrlich und schonend bei rheumatischen Gelenkbeschwerden und sind gut vertr\u00e4glich.Gelenkverschlei\u00df, allgemein unter dem Begriff Arthrose bekannt, kann jeden von uns treffen. Dabei leiden \u00e4ltere Menschen wesentlich h\u00e4ufiger unter einer Arthrose als j\u00fcngere. Mehr als 80 Prozent der 70-J\u00e4hrigen sind von Abnutzungserscheinungen an den Gelenken betroffen. Die Ursache von Arthrose ist nicht bekannt. Einwandfrei gekl\u00e4rt ist lediglich, dass Fehl- und \u00dcberlastung beispielsweise durch \u00fcberm\u00e4\u00dfigen Sport, Haltungsfehler oder \u00dcbergewicht den Gelenkverschlei\u00df beg\u00fcnstigen. Die Therapie mit Zeel-Tabletten ist eine sogenannte Regulationstherapie, die dem K\u00f6rper bei der Selbstheilung unterst\u00fctzt. Die in dem hom\u00f6opathischen Komplexmittel enthaltenen verschiedenen, nat\u00fcrlichen Inhaltsstoffe werden so kombiniert, dass sie sich in ihrer Wirkung gegenseitig erg\u00e4nzen. Der Kanadische Blutwurz hilft bei rheumatischen Schmerzen, w\u00e4hrend Arnika Beschwerden nach einer \u00dcberlastung des Bewegungsapparats lindert. In Kombination mit Schwefel, dessen Wirkungsweise sich gegen chronische rheumatische Schmerzen richtet, wirkt Bitters\u00fc\u00dfer Nachtschatten bei Gelenkentz\u00fcndungen, die sich bei K\u00e4lte und N\u00e4sse verschlimmern. Giftsumach hat eine regulierende Wirkung auf Gelenke, Sehnen und Knochen und verbessert somit die Morgensteifigkeit..<\/p>\n","protected":false},"excerpt":{"rendered":"<p>Mit den individuell aufeinander abgestimmten, rein pflanzlichen Wirkstoffen Arnika und Blutwurzel wird ein Reiz gesetzt, der den K\u00f6rper auffordert, sich selbst zu heilen. Zeel-Tabletten wirken nat\u00fcrlich und schonend bei rheumatischen Gelenkbeschwerden und sind gut vertr\u00e4glich.Gelenkverschlei\u00df, allgemein unter dem Begriff Arthrose bekannt, kann jeden von uns treffen. Dabei leiden \u00e4ltere Menschen wesentlich h\u00e4ufiger unter einer Arthrose [&hellip;]<\/p>\n","protected":false},"featured_media":90788,"template":"","meta":{"_acf_changed":false},"product_brand":[315],"product_cat":[803],"product_tag":[],"class_list":{"0":"post-90786","1":"product","2":"type-product","3":"status-publish","4":"has-post-thumbnail","6":"product_brand-heel","7":"product_cat-z","8":"pa_packungsgroesse-250-stueck","9":"pa_packungsgroesse-50-stueck","11":"first","12":"instock","13":"shipping-taxable","14":"purchasable","15":"product-type-simple"},"acf":[],"_links":{"self":[{"href":"https:\/\/www.ernstbrunn-apotheke.at\/katalog\/wp-json\/wp\/v2\/product\/90786","targetHints":{"allow":["GET"]}}],"collection":[{"href":"https:\/\/www.ernstbrunn-apotheke.at\/katalog\/wp-json\/wp\/v2\/product"}],"about":[{"href":"https:\/\/www.ernstbrunn-apotheke.at\/katalog\/wp-json\/wp\/v2\/types\/product"}],"wp:featuredmedia":[{"embeddable":true,"href":"https:\/\/www.ernstbrunn-apotheke.at\/katalog\/wp-json\/wp\/v2\/media\/90788"}],"wp:attachment":[{"href":"https:\/\/www.ernstbrunn-apotheke.at\/katalog\/wp-json\/wp\/v2\/media?parent=90786"}],"wp:term":[{"taxonomy":"product_brand","embeddable":true,"href":"https:\/\/www.ernstbrunn-apotheke.at\/katalog\/wp-json\/wp\/v2\/product_brand?post=90786"},{"taxonomy":"product_cat","embeddable":true,"href":"https:\/\/www.ernstbrunn-apotheke.at\/katalog\/wp-json\/wp\/v2\/product_cat?post=90786"},{"taxonomy":"product_tag","embeddable":true,"href":"https:\/\/www.ernstbrunn-apotheke.at\/katalog\/wp-json\/wp\/v2\/product_tag?post=90786"}],"curies":[{"name":"wp","href":"https:\/\/api.w.org\/{rel}","templated":true}]}}