{"id":90599,"date":"2025-11-12T07:35:26","date_gmt":"2025-11-12T06:35:26","guid":{"rendered":"https:\/\/www.ernstbrunn-apotheke.at\/katalog\/produkt\/zymafluor-tabletten-1-mg\/"},"modified":"2025-12-08T20:21:31","modified_gmt":"2025-12-08T19:21:31","slug":"zymafluor-tabletten-1-mg","status":"publish","type":"product","link":"https:\/\/www.ernstbrunn-apotheke.at\/katalog\/produkt\/zymafluor-tabletten-1-mg\/","title":{"rendered":"Zymafluor Tabletten 1 mg"},"content":{"rendered":"<p>Zymafluor Tabletten werden zur Vorbeugung von Karies bei Kindern und Erwachsenen angewendet. Der Zahnschmelz wird gest\u00e4rkt und die Z\u00e4hne werden widerstandsf\u00e4higer gegen kariesverursachende Bakterien und S\u00e4ureangriff. erhalten Sie dieses Produkt in den Varianten 0,25 mg (300 St\u00fcck) und 1 mg (100 St\u00fcck).<\/p>\n","protected":false},"excerpt":{"rendered":"<p>Zymafluor Tabletten werden zur Vorbeugung von Karies bei Kindern und Erwachsenen angewendet. Der Zahnschmelz wird gest\u00e4rkt und die Z\u00e4hne werden widerstandsf\u00e4higer gegen kariesverursachende Bakterien und S\u00e4ureangriff. erhalten Sie dieses Produkt in den Varianten 0,25 mg (300 St\u00fcck) und 1 mg (100 St\u00fcck).<\/p>\n","protected":false},"featured_media":90601,"template":"","meta":{"_acf_changed":false},"product_brand":[],"product_cat":[803],"product_tag":[],"class_list":{"0":"post-90599","1":"product","2":"type-product","3":"status-publish","4":"has-post-thumbnail","6":"product_cat-z","7":"pa_packungsgroesse-100-stueck","9":"first","10":"instock","11":"shipping-taxable","12":"purchasable","13":"product-type-simple"},"acf":[],"_links":{"self":[{"href":"https:\/\/www.ernstbrunn-apotheke.at\/katalog\/wp-json\/wp\/v2\/product\/90599","targetHints":{"allow":["GET"]}}],"collection":[{"href":"https:\/\/www.ernstbrunn-apotheke.at\/katalog\/wp-json\/wp\/v2\/product"}],"about":[{"href":"https:\/\/www.ernstbrunn-apotheke.at\/katalog\/wp-json\/wp\/v2\/types\/product"}],"wp:featuredmedia":[{"embeddable":true,"href":"https:\/\/www.ernstbrunn-apotheke.at\/katalog\/wp-json\/wp\/v2\/media\/90601"}],"wp:attachment":[{"href":"https:\/\/www.ernstbrunn-apotheke.at\/katalog\/wp-json\/wp\/v2\/media?parent=90599"}],"wp:term":[{"taxonomy":"product_brand","embeddable":true,"href":"https:\/\/www.ernstbrunn-apotheke.at\/katalog\/wp-json\/wp\/v2\/product_brand?post=90599"},{"taxonomy":"product_cat","embeddable":true,"href":"https:\/\/www.ernstbrunn-apotheke.at\/katalog\/wp-json\/wp\/v2\/product_cat?post=90599"},{"taxonomy":"product_tag","embeddable":true,"href":"https:\/\/www.ernstbrunn-apotheke.at\/katalog\/wp-json\/wp\/v2\/product_tag?post=90599"}],"curies":[{"name":"wp","href":"https:\/\/api.w.org\/{rel}","templated":true}]}}