{"id":90091,"date":"2025-11-12T07:24:52","date_gmt":"2025-11-12T06:24:52","guid":{"rendered":"https:\/\/www.ernstbrunn-apotheke.at\/katalog\/produkt\/neutrogena-norwegische-handcreme-parfuemiert\/"},"modified":"2025-12-08T20:19:21","modified_gmt":"2025-12-08T19:19:21","slug":"neutrogena-norwegische-handcreme-parfuemiert","status":"publish","type":"product","link":"https:\/\/www.ernstbrunn-apotheke.at\/katalog\/produkt\/neutrogena-norwegische-handcreme-parfuemiert\/","title":{"rendered":"Neutrogena Norwegische Handcreme parf\u00fcmiert"},"content":{"rendered":"<p>Die Neutrogena Handcreme ist eine konzentrierte Handcreme speziell f\u00fcr angegriffene und trockene H\u00e4nde. Sie hat eine sofortige und langanhaltende Wirkung selbst f\u00fcr extrem beanspruchte H\u00e4nde. Ein einziger Tropfen gen\u00fcgt &#8211; die Formel wirkt sofort beruhigend und sch\u00fctzt sehr angegriffene und trockene H\u00e4nde. Selbst unter extremsten Bedingungen werden Ihre H\u00e4nde sp\u00fcrbar sanfter und glatter.<\/p>\n","protected":false},"excerpt":{"rendered":"<p>Die Neutrogena Handcreme ist eine konzentrierte Handcreme speziell f\u00fcr angegriffene und trockene H\u00e4nde. Sie hat eine sofortige und langanhaltende Wirkung selbst f\u00fcr extrem beanspruchte H\u00e4nde. Ein einziger Tropfen gen\u00fcgt &#8211; die Formel wirkt sofort beruhigend und sch\u00fctzt sehr angegriffene und trockene H\u00e4nde. Selbst unter extremsten Bedingungen werden Ihre H\u00e4nde sp\u00fcrbar sanfter und glatter.<\/p>\n","protected":false},"featured_media":90093,"template":"","meta":{"_acf_changed":false},"product_brand":[745],"product_cat":[797],"product_tag":[],"class_list":{"0":"post-90091","1":"product","2":"type-product","3":"status-publish","4":"has-post-thumbnail","6":"product_brand-neutrogena","7":"product_cat-n","8":"pa_packungsgroesse-50ml","10":"first","11":"instock","12":"shipping-taxable","13":"purchasable","14":"product-type-simple"},"acf":[],"_links":{"self":[{"href":"https:\/\/www.ernstbrunn-apotheke.at\/katalog\/wp-json\/wp\/v2\/product\/90091","targetHints":{"allow":["GET"]}}],"collection":[{"href":"https:\/\/www.ernstbrunn-apotheke.at\/katalog\/wp-json\/wp\/v2\/product"}],"about":[{"href":"https:\/\/www.ernstbrunn-apotheke.at\/katalog\/wp-json\/wp\/v2\/types\/product"}],"wp:featuredmedia":[{"embeddable":true,"href":"https:\/\/www.ernstbrunn-apotheke.at\/katalog\/wp-json\/wp\/v2\/media\/90093"}],"wp:attachment":[{"href":"https:\/\/www.ernstbrunn-apotheke.at\/katalog\/wp-json\/wp\/v2\/media?parent=90091"}],"wp:term":[{"taxonomy":"product_brand","embeddable":true,"href":"https:\/\/www.ernstbrunn-apotheke.at\/katalog\/wp-json\/wp\/v2\/product_brand?post=90091"},{"taxonomy":"product_cat","embeddable":true,"href":"https:\/\/www.ernstbrunn-apotheke.at\/katalog\/wp-json\/wp\/v2\/product_cat?post=90091"},{"taxonomy":"product_tag","embeddable":true,"href":"https:\/\/www.ernstbrunn-apotheke.at\/katalog\/wp-json\/wp\/v2\/product_tag?post=90091"}],"curies":[{"name":"wp","href":"https:\/\/api.w.org\/{rel}","templated":true}]}}