{"id":89721,"date":"2025-11-12T07:16:17","date_gmt":"2025-11-12T06:16:17","guid":{"rendered":"https:\/\/www.ernstbrunn-apotheke.at\/katalog\/produkt\/mycopol-fussbad\/"},"modified":"2025-12-08T20:18:01","modified_gmt":"2025-12-08T19:18:01","slug":"mycopol-fussbad","status":"publish","type":"product","link":"https:\/\/www.ernstbrunn-apotheke.at\/katalog\/produkt\/mycopol-fussbad\/","title":{"rendered":"Mycopol-Fu\u00dfbad"},"content":{"rendered":"<p>Mycopol Fu\u00dfbad hemmt Geruchsbildung und kann f\u00fcr alle Bade-, Tauch- und Sporartikel als desinfizierende Waschl\u00f6sung verwendet werden. Au\u00dferdem beugt das  Fu\u00dfbad Pilzerkrankungen der F\u00fc\u00dfe vor.<\/p>\n","protected":false},"excerpt":{"rendered":"<p>Mycopol Fu\u00dfbad hemmt Geruchsbildung und kann f\u00fcr alle Bade-, Tauch- und Sporartikel als desinfizierende Waschl\u00f6sung verwendet werden. Au\u00dferdem beugt das Fu\u00dfbad Pilzerkrankungen der F\u00fc\u00dfe vor.<\/p>\n","protected":false},"featured_media":89723,"template":"","meta":{"_acf_changed":false},"product_brand":[],"product_cat":[800],"product_tag":[],"class_list":{"0":"post-89721","1":"product","2":"type-product","3":"status-publish","4":"has-post-thumbnail","6":"product_cat-m","7":"pa_packungsgroesse-100g","8":"pa_packungsgroesse-1kg","10":"first","11":"instock","12":"shipping-taxable","13":"purchasable","14":"product-type-simple"},"acf":[],"_links":{"self":[{"href":"https:\/\/www.ernstbrunn-apotheke.at\/katalog\/wp-json\/wp\/v2\/product\/89721","targetHints":{"allow":["GET"]}}],"collection":[{"href":"https:\/\/www.ernstbrunn-apotheke.at\/katalog\/wp-json\/wp\/v2\/product"}],"about":[{"href":"https:\/\/www.ernstbrunn-apotheke.at\/katalog\/wp-json\/wp\/v2\/types\/product"}],"wp:featuredmedia":[{"embeddable":true,"href":"https:\/\/www.ernstbrunn-apotheke.at\/katalog\/wp-json\/wp\/v2\/media\/89723"}],"wp:attachment":[{"href":"https:\/\/www.ernstbrunn-apotheke.at\/katalog\/wp-json\/wp\/v2\/media?parent=89721"}],"wp:term":[{"taxonomy":"product_brand","embeddable":true,"href":"https:\/\/www.ernstbrunn-apotheke.at\/katalog\/wp-json\/wp\/v2\/product_brand?post=89721"},{"taxonomy":"product_cat","embeddable":true,"href":"https:\/\/www.ernstbrunn-apotheke.at\/katalog\/wp-json\/wp\/v2\/product_cat?post=89721"},{"taxonomy":"product_tag","embeddable":true,"href":"https:\/\/www.ernstbrunn-apotheke.at\/katalog\/wp-json\/wp\/v2\/product_tag?post=89721"}],"curies":[{"name":"wp","href":"https:\/\/api.w.org\/{rel}","templated":true}]}}