{"id":89465,"date":"2025-11-12T07:11:43","date_gmt":"2025-11-12T06:11:43","guid":{"rendered":"https:\/\/www.ernstbrunn-apotheke.at\/katalog\/produkt\/mucosolvan-15-mg-5-ml-saft-fuer-kinder\/"},"modified":"2025-12-08T20:17:09","modified_gmt":"2025-12-08T19:17:09","slug":"mucosolvan-15-mg-5-ml-saft-fuer-kinder","status":"publish","type":"product","link":"https:\/\/www.ernstbrunn-apotheke.at\/katalog\/produkt\/mucosolvan-15-mg-5-ml-saft-fuer-kinder\/","title":{"rendered":"Mucosolvan 15 mg\/5 ml Saft f\u00fcr Kinder"},"content":{"rendered":"<p>Mucosolvan Saft f\u00fcr Kinder wird zur schleiml\u00f6senden Behandlung bei akuten und chronischen Erkrankungen der Bronchien und der Lunge angewendet.<\/p>\n","protected":false},"excerpt":{"rendered":"<p>Mucosolvan Saft f\u00fcr Kinder wird zur schleiml\u00f6senden Behandlung bei akuten und chronischen Erkrankungen der Bronchien und der Lunge angewendet.<\/p>\n","protected":false},"featured_media":89467,"template":"","meta":{"_acf_changed":false},"product_brand":[],"product_cat":[800],"product_tag":[],"class_list":{"0":"post-89465","1":"product","2":"type-product","3":"status-publish","4":"has-post-thumbnail","6":"product_cat-m","7":"pa_packungsgroesse-100ml","9":"first","10":"instock","11":"shipping-taxable","12":"purchasable","13":"product-type-simple"},"acf":[],"_links":{"self":[{"href":"https:\/\/www.ernstbrunn-apotheke.at\/katalog\/wp-json\/wp\/v2\/product\/89465","targetHints":{"allow":["GET"]}}],"collection":[{"href":"https:\/\/www.ernstbrunn-apotheke.at\/katalog\/wp-json\/wp\/v2\/product"}],"about":[{"href":"https:\/\/www.ernstbrunn-apotheke.at\/katalog\/wp-json\/wp\/v2\/types\/product"}],"wp:featuredmedia":[{"embeddable":true,"href":"https:\/\/www.ernstbrunn-apotheke.at\/katalog\/wp-json\/wp\/v2\/media\/89467"}],"wp:attachment":[{"href":"https:\/\/www.ernstbrunn-apotheke.at\/katalog\/wp-json\/wp\/v2\/media?parent=89465"}],"wp:term":[{"taxonomy":"product_brand","embeddable":true,"href":"https:\/\/www.ernstbrunn-apotheke.at\/katalog\/wp-json\/wp\/v2\/product_brand?post=89465"},{"taxonomy":"product_cat","embeddable":true,"href":"https:\/\/www.ernstbrunn-apotheke.at\/katalog\/wp-json\/wp\/v2\/product_cat?post=89465"},{"taxonomy":"product_tag","embeddable":true,"href":"https:\/\/www.ernstbrunn-apotheke.at\/katalog\/wp-json\/wp\/v2\/product_tag?post=89465"}],"curies":[{"name":"wp","href":"https:\/\/api.w.org\/{rel}","templated":true}]}}