{"id":89460,"date":"2025-11-12T07:11:04","date_gmt":"2025-11-12T06:11:04","guid":{"rendered":"https:\/\/www.ernstbrunn-apotheke.at\/katalog\/produkt\/luuf-aetherische-oele-balsam\/"},"modified":"2025-12-08T20:17:07","modified_gmt":"2025-12-08T19:17:07","slug":"luuf-aetherische-oele-balsam","status":"publish","type":"product","link":"https:\/\/www.ernstbrunn-apotheke.at\/katalog\/produkt\/luuf-aetherische-oele-balsam\/","title":{"rendered":"Luuf \u00c4therische \u00d6le Balsam"},"content":{"rendered":"<p>Luuf \u00c4therisches \u00d6l Balsam dient der \u00e4u\u00dferlichen Behandlung von Erk\u00e4ltungskrankheiten, wie Husten, Schnupfen, Rachenkatarrh mit Halsschmerzen und Heiserkeit. Au\u00dferdem unterst\u00fctzt er die Behandlung von Luftr\u00f6hren- und Bronchialkatarrh sowie von hartn\u00e4ckig wiederkehrenden Katarrhen. Dieser hochwirksame Balsam enth\u00e4lt einen hohen Gehalt an naturreinen \u00e4therischen \u00d6len wie Eukalyptus\u00f6l, Latschenkiefern- und Kiefernadel\u00f6l. Nicht zur Einnahme bestimmt!.<\/p>\n","protected":false},"excerpt":{"rendered":"<p>Luuf \u00c4therisches \u00d6l Balsam dient der \u00e4u\u00dferlichen Behandlung von Erk\u00e4ltungskrankheiten, wie Husten, Schnupfen, Rachenkatarrh mit Halsschmerzen und Heiserkeit. Au\u00dferdem unterst\u00fctzt er die Behandlung von Luftr\u00f6hren- und Bronchialkatarrh sowie von hartn\u00e4ckig wiederkehrenden Katarrhen. Dieser hochwirksame Balsam enth\u00e4lt einen hohen Gehalt an naturreinen \u00e4therischen \u00d6len wie Eukalyptus\u00f6l, Latschenkiefern- und Kiefernadel\u00f6l. Nicht zur Einnahme bestimmt!.<\/p>\n","protected":false},"featured_media":89462,"template":"","meta":{"_acf_changed":false},"product_brand":[566],"product_cat":[795],"product_tag":[],"class_list":{"0":"post-89460","1":"product","2":"type-product","3":"status-publish","4":"has-post-thumbnail","6":"product_brand-luuf","7":"product_cat-l","8":"pa_packungsgroesse-30g","10":"first","11":"instock","12":"shipping-taxable","13":"purchasable","14":"product-type-simple"},"acf":[],"_links":{"self":[{"href":"https:\/\/www.ernstbrunn-apotheke.at\/katalog\/wp-json\/wp\/v2\/product\/89460","targetHints":{"allow":["GET"]}}],"collection":[{"href":"https:\/\/www.ernstbrunn-apotheke.at\/katalog\/wp-json\/wp\/v2\/product"}],"about":[{"href":"https:\/\/www.ernstbrunn-apotheke.at\/katalog\/wp-json\/wp\/v2\/types\/product"}],"wp:featuredmedia":[{"embeddable":true,"href":"https:\/\/www.ernstbrunn-apotheke.at\/katalog\/wp-json\/wp\/v2\/media\/89462"}],"wp:attachment":[{"href":"https:\/\/www.ernstbrunn-apotheke.at\/katalog\/wp-json\/wp\/v2\/media?parent=89460"}],"wp:term":[{"taxonomy":"product_brand","embeddable":true,"href":"https:\/\/www.ernstbrunn-apotheke.at\/katalog\/wp-json\/wp\/v2\/product_brand?post=89460"},{"taxonomy":"product_cat","embeddable":true,"href":"https:\/\/www.ernstbrunn-apotheke.at\/katalog\/wp-json\/wp\/v2\/product_cat?post=89460"},{"taxonomy":"product_tag","embeddable":true,"href":"https:\/\/www.ernstbrunn-apotheke.at\/katalog\/wp-json\/wp\/v2\/product_tag?post=89460"}],"curies":[{"name":"wp","href":"https:\/\/api.w.org\/{rel}","templated":true}]}}