{"id":89447,"date":"2025-11-12T07:11:04","date_gmt":"2025-11-12T06:11:04","guid":{"rendered":"https:\/\/www.ernstbrunn-apotheke.at\/katalog\/produkt\/mucosolvan-75-mg-1-ml-loesung\/"},"modified":"2025-12-08T20:17:05","modified_gmt":"2025-12-08T19:17:05","slug":"mucosolvan-75-mg-1-ml-loesung","status":"publish","type":"product","link":"https:\/\/www.ernstbrunn-apotheke.at\/katalog\/produkt\/mucosolvan-75-mg-1-ml-loesung\/","title":{"rendered":"Mucosolvan 7,5 mg\/1 ml L\u00f6sung"},"content":{"rendered":"<p>Mucosolvan 7,5 mg\/1 ml L\u00f6sung wird zusammen mit reichlich Fl\u00fcssigkeit angewendet zur schleiml\u00f6senden Behandlung bei akuten und chronischen Erkrankungen der Bronchien und der Lunge.<\/p>\n","protected":false},"excerpt":{"rendered":"<p>Mucosolvan 7,5 mg\/1 ml L\u00f6sung wird zusammen mit reichlich Fl\u00fcssigkeit angewendet zur schleiml\u00f6senden Behandlung bei akuten und chronischen Erkrankungen der Bronchien und der Lunge.<\/p>\n","protected":false},"featured_media":89449,"template":"","meta":{"_acf_changed":false},"product_brand":[],"product_cat":[800],"product_tag":[],"class_list":{"0":"post-89447","1":"product","2":"type-product","3":"status-publish","4":"has-post-thumbnail","6":"product_cat-m","7":"pa_packungsgroesse-100ml","9":"first","10":"instock","11":"shipping-taxable","12":"purchasable","13":"product-type-simple"},"acf":[],"_links":{"self":[{"href":"https:\/\/www.ernstbrunn-apotheke.at\/katalog\/wp-json\/wp\/v2\/product\/89447","targetHints":{"allow":["GET"]}}],"collection":[{"href":"https:\/\/www.ernstbrunn-apotheke.at\/katalog\/wp-json\/wp\/v2\/product"}],"about":[{"href":"https:\/\/www.ernstbrunn-apotheke.at\/katalog\/wp-json\/wp\/v2\/types\/product"}],"wp:featuredmedia":[{"embeddable":true,"href":"https:\/\/www.ernstbrunn-apotheke.at\/katalog\/wp-json\/wp\/v2\/media\/89449"}],"wp:attachment":[{"href":"https:\/\/www.ernstbrunn-apotheke.at\/katalog\/wp-json\/wp\/v2\/media?parent=89447"}],"wp:term":[{"taxonomy":"product_brand","embeddable":true,"href":"https:\/\/www.ernstbrunn-apotheke.at\/katalog\/wp-json\/wp\/v2\/product_brand?post=89447"},{"taxonomy":"product_cat","embeddable":true,"href":"https:\/\/www.ernstbrunn-apotheke.at\/katalog\/wp-json\/wp\/v2\/product_cat?post=89447"},{"taxonomy":"product_tag","embeddable":true,"href":"https:\/\/www.ernstbrunn-apotheke.at\/katalog\/wp-json\/wp\/v2\/product_tag?post=89447"}],"curies":[{"name":"wp","href":"https:\/\/api.w.org\/{rel}","templated":true}]}}