{"id":89318,"date":"2025-11-12T07:08:17","date_gmt":"2025-11-12T06:08:17","guid":{"rendered":"https:\/\/www.ernstbrunn-apotheke.at\/katalog\/produkt\/buer-lecithin-fluessig\/"},"modified":"2025-12-08T20:16:42","modified_gmt":"2025-12-08T19:16:42","slug":"buer-lecithin-fluessig","status":"publish","type":"product","link":"https:\/\/www.ernstbrunn-apotheke.at\/katalog\/produkt\/buer-lecithin-fluessig\/","title":{"rendered":"Buer Lecithin fl\u00fcssig"},"content":{"rendered":"<p>Buerlecithin fl\u00fcssig ist ein traditionelles pflanzliches Arzneimittel zur Unterst\u00fctzung der Leistungsf\u00e4higkeit bei k\u00f6rperlicher und geistiger \u00dcberbeanspruchung sowie zur Erg\u00e4nzung einer Di\u00e4t bei erh\u00f6hten Cholesterinwerten.<\/p>\n","protected":false},"excerpt":{"rendered":"<p>Buerlecithin fl\u00fcssig ist ein traditionelles pflanzliches Arzneimittel zur Unterst\u00fctzung der Leistungsf\u00e4higkeit bei k\u00f6rperlicher und geistiger \u00dcberbeanspruchung sowie zur Erg\u00e4nzung einer Di\u00e4t bei erh\u00f6hten Cholesterinwerten.<\/p>\n","protected":false},"featured_media":89320,"template":"","meta":{"_acf_changed":false},"product_brand":[1010],"product_cat":[802],"product_tag":[],"class_list":{"0":"post-89318","1":"product","2":"type-product","3":"status-publish","4":"has-post-thumbnail","6":"product_brand-takeda","7":"product_cat-b","8":"pa_geschmack-kaffee-aroma","9":"pa_packungsgroesse-1000ml","10":"pa_packungsgroesse-250ml","11":"pa_packungsgroesse-500ml","13":"first","14":"instock","15":"shipping-taxable","16":"purchasable","17":"product-type-variable"},"acf":[],"_links":{"self":[{"href":"https:\/\/www.ernstbrunn-apotheke.at\/katalog\/wp-json\/wp\/v2\/product\/89318","targetHints":{"allow":["GET"]}}],"collection":[{"href":"https:\/\/www.ernstbrunn-apotheke.at\/katalog\/wp-json\/wp\/v2\/product"}],"about":[{"href":"https:\/\/www.ernstbrunn-apotheke.at\/katalog\/wp-json\/wp\/v2\/types\/product"}],"wp:featuredmedia":[{"embeddable":true,"href":"https:\/\/www.ernstbrunn-apotheke.at\/katalog\/wp-json\/wp\/v2\/media\/89320"}],"wp:attachment":[{"href":"https:\/\/www.ernstbrunn-apotheke.at\/katalog\/wp-json\/wp\/v2\/media?parent=89318"}],"wp:term":[{"taxonomy":"product_brand","embeddable":true,"href":"https:\/\/www.ernstbrunn-apotheke.at\/katalog\/wp-json\/wp\/v2\/product_brand?post=89318"},{"taxonomy":"product_cat","embeddable":true,"href":"https:\/\/www.ernstbrunn-apotheke.at\/katalog\/wp-json\/wp\/v2\/product_cat?post=89318"},{"taxonomy":"product_tag","embeddable":true,"href":"https:\/\/www.ernstbrunn-apotheke.at\/katalog\/wp-json\/wp\/v2\/product_tag?post=89318"}],"curies":[{"name":"wp","href":"https:\/\/api.w.org\/{rel}","templated":true}]}}