{"id":88840,"date":"2025-11-12T06:57:40","date_gmt":"2025-11-12T05:57:40","guid":{"rendered":"https:\/\/www.ernstbrunn-apotheke.at\/katalog\/produkt\/osp22-immu-aktiv-vitamin-e-tropfen-50-ml\/"},"modified":"2025-12-08T20:13:26","modified_gmt":"2025-12-08T19:13:26","slug":"osp22-immu-aktiv-vitamin-e-tropfen-50-ml","status":"publish","type":"product","link":"https:\/\/www.ernstbrunn-apotheke.at\/katalog\/produkt\/osp22-immu-aktiv-vitamin-e-tropfen-50-ml\/","title":{"rendered":"OSP22 Immu Aktiv Vitamin E Tropfen 50 ml"},"content":{"rendered":"<p>Vitamin E trifft auf Ingwerwurzel, Brennesselbl\u00e4tter, S\u00fc\u00dfholzwurzel, schwarze Johannisbeerbl\u00e4tter, Eukalyptusbl\u00e4tter, Waldkiefernadeln und Teufelskrallenwurzel. Ein bahnbrechendes Produkt, das nur so gl\u00e4nzt vor positiven Eigenschaften.<\/p>\n","protected":false},"excerpt":{"rendered":"<p>Vitamin E trifft auf Ingwerwurzel, Brennesselbl\u00e4tter, S\u00fc\u00dfholzwurzel, schwarze Johannisbeerbl\u00e4tter, Eukalyptusbl\u00e4tter, Waldkiefernadeln und Teufelskrallenwurzel. Ein bahnbrechendes Produkt, das nur so gl\u00e4nzt vor positiven Eigenschaften.<\/p>\n","protected":false},"featured_media":0,"template":"","meta":{"_acf_changed":false},"product_brand":[],"product_cat":[819],"product_tag":[],"class_list":{"0":"post-88840","1":"product","2":"type-product","3":"status-publish","5":"product_cat-o","6":"pa_packungsgroesse-30ml","8":"first","9":"instock","10":"shipping-taxable","11":"purchasable","12":"product-type-simple"},"acf":[],"_links":{"self":[{"href":"https:\/\/www.ernstbrunn-apotheke.at\/katalog\/wp-json\/wp\/v2\/product\/88840","targetHints":{"allow":["GET"]}}],"collection":[{"href":"https:\/\/www.ernstbrunn-apotheke.at\/katalog\/wp-json\/wp\/v2\/product"}],"about":[{"href":"https:\/\/www.ernstbrunn-apotheke.at\/katalog\/wp-json\/wp\/v2\/types\/product"}],"wp:attachment":[{"href":"https:\/\/www.ernstbrunn-apotheke.at\/katalog\/wp-json\/wp\/v2\/media?parent=88840"}],"wp:term":[{"taxonomy":"product_brand","embeddable":true,"href":"https:\/\/www.ernstbrunn-apotheke.at\/katalog\/wp-json\/wp\/v2\/product_brand?post=88840"},{"taxonomy":"product_cat","embeddable":true,"href":"https:\/\/www.ernstbrunn-apotheke.at\/katalog\/wp-json\/wp\/v2\/product_cat?post=88840"},{"taxonomy":"product_tag","embeddable":true,"href":"https:\/\/www.ernstbrunn-apotheke.at\/katalog\/wp-json\/wp\/v2\/product_tag?post=88840"}],"curies":[{"name":"wp","href":"https:\/\/api.w.org\/{rel}","templated":true}]}}