{"id":8878,"date":"2025-11-07T13:49:30","date_gmt":"2025-11-07T12:49:30","guid":{"rendered":"https:\/\/www.ernstbrunn-apotheke.at\/katalog\/produkt\/orthomol-vision-kapseln-30-stk\/"},"modified":"2025-12-08T13:26:22","modified_gmt":"2025-12-08T12:26:22","slug":"orthomol-vision-kapseln-30-stk","status":"publish","type":"product","link":"https:\/\/www.ernstbrunn-apotheke.at\/katalog\/produkt\/orthomol-vision-kapseln-30-stk\/","title":{"rendered":"Orthomol Vision Kapseln 30 Stk."},"content":{"rendered":"<p>Orthomol Vision\u00ae Kapseln 30 Stk. ist ein Nahrungserg\u00e4nzungsmittel mit wichtigen Mikron\u00e4hrstoffen f\u00fcr die Augen. Vitamin A, Vitamin B2 (Riboflavin), Zink und die Omega-3-Fetts\u00e4ure DHA tragen zur Aufrechterhaltung der normalen Sehkraft bei. Vitamin C, Vitamin E, Zink und Selen tragen zum Schutz der Zellen vor oxidativem Stress bei. Vitamin C tr\u00e4gt zu einer normalen Kollagenbildung f\u00fcr eine normale Funktion der Blutgef\u00e4\u00dfe bei. Vitamin B1 (Thiamin), Vitamin B2 (Riboflavin), Vitamin B6, Vitamin B12, Vitamin C, Biotin und Niacin tragen zu einer normalen Funktion des Nervensystems (u.a. Sehnerv) und zu einem normalen Energiestoffwechsel bei<\/p>\n","protected":false},"excerpt":{"rendered":"<p>Orthomol Vision\u00ae Kapseln 30 Stk. ist ein Nahrungserg\u00e4nzungsmittel mit wichtigen Mikron\u00e4hrstoffen f\u00fcr die Augen. Vitamin A, Vitamin B2 (Riboflavin), Zink und die Omega-3-Fetts\u00e4ure DHA tragen zur Aufrechterhaltung der normalen Sehkraft bei. Vitamin C, Vitamin E, Zink und Selen tragen zum Schutz der Zellen vor oxidativem Stress bei. Vitamin C tr\u00e4gt zu einer normalen Kollagenbildung f\u00fcr [&hellip;]<\/p>\n","protected":false},"featured_media":8880,"template":"","meta":{"_acf_changed":false},"product_brand":[387],"product_cat":[819],"product_tag":[],"class_list":{"0":"post-8878","1":"product","2":"type-product","3":"status-publish","4":"has-post-thumbnail","6":"product_brand-orthomol","7":"product_cat-o","8":"pa_packungsgroesse-30-stueck","9":"pa_packungsgroesse-90-stueck","11":"first","12":"instock","13":"shipping-taxable","14":"purchasable","15":"product-type-simple"},"acf":[],"_links":{"self":[{"href":"https:\/\/www.ernstbrunn-apotheke.at\/katalog\/wp-json\/wp\/v2\/product\/8878","targetHints":{"allow":["GET"]}}],"collection":[{"href":"https:\/\/www.ernstbrunn-apotheke.at\/katalog\/wp-json\/wp\/v2\/product"}],"about":[{"href":"https:\/\/www.ernstbrunn-apotheke.at\/katalog\/wp-json\/wp\/v2\/types\/product"}],"wp:featuredmedia":[{"embeddable":true,"href":"https:\/\/www.ernstbrunn-apotheke.at\/katalog\/wp-json\/wp\/v2\/media\/8880"}],"wp:attachment":[{"href":"https:\/\/www.ernstbrunn-apotheke.at\/katalog\/wp-json\/wp\/v2\/media?parent=8878"}],"wp:term":[{"taxonomy":"product_brand","embeddable":true,"href":"https:\/\/www.ernstbrunn-apotheke.at\/katalog\/wp-json\/wp\/v2\/product_brand?post=8878"},{"taxonomy":"product_cat","embeddable":true,"href":"https:\/\/www.ernstbrunn-apotheke.at\/katalog\/wp-json\/wp\/v2\/product_cat?post=8878"},{"taxonomy":"product_tag","embeddable":true,"href":"https:\/\/www.ernstbrunn-apotheke.at\/katalog\/wp-json\/wp\/v2\/product_tag?post=8878"}],"curies":[{"name":"wp","href":"https:\/\/api.w.org\/{rel}","templated":true}]}}