{"id":88656,"date":"2025-11-12T06:54:11","date_gmt":"2025-11-12T05:54:11","guid":{"rendered":"https:\/\/www.ernstbrunn-apotheke.at\/katalog\/produkt\/injektionsverweilkanuele-vasofix-saf-g20-50-stk\/"},"modified":"2025-12-08T20:12:11","modified_gmt":"2025-12-08T19:12:11","slug":"injektionsverweilkanuele-vasofix-saf-g20-50-stk","status":"publish","type":"product","link":"https:\/\/www.ernstbrunn-apotheke.at\/katalog\/produkt\/injektionsverweilkanuele-vasofix-saf-g20-50-stk\/","title":{"rendered":"Injektionsverweilkan\u00fcle Vasofix Saf G20 50 Stk."},"content":{"rendered":"<p>Injektionsverweilkan\u00fcle Vasofix Saf G20 ist mit einem Zuspritzventil ausgestattet. So wird ein sanfter \u00dcbergang zwischen Katheterrohr und Kan\u00fcle gew\u00e4hrleistet. Einzeln verpackt.<\/p>\n","protected":false},"excerpt":{"rendered":"<p>Injektionsverweilkan\u00fcle Vasofix Saf G20 ist mit einem Zuspritzventil ausgestattet. So wird ein sanfter \u00dcbergang zwischen Katheterrohr und Kan\u00fcle gew\u00e4hrleistet. Einzeln verpackt.<\/p>\n","protected":false},"featured_media":88658,"template":"","meta":{"_acf_changed":false},"product_brand":[],"product_cat":[823],"product_tag":[],"class_list":{"0":"post-88656","1":"product","2":"type-product","3":"status-publish","4":"has-post-thumbnail","6":"product_cat-i","7":"pa_packungsgroesse-50-stueck","9":"first","10":"instock","11":"shipping-taxable","12":"purchasable","13":"product-type-simple"},"acf":[],"_links":{"self":[{"href":"https:\/\/www.ernstbrunn-apotheke.at\/katalog\/wp-json\/wp\/v2\/product\/88656","targetHints":{"allow":["GET"]}}],"collection":[{"href":"https:\/\/www.ernstbrunn-apotheke.at\/katalog\/wp-json\/wp\/v2\/product"}],"about":[{"href":"https:\/\/www.ernstbrunn-apotheke.at\/katalog\/wp-json\/wp\/v2\/types\/product"}],"wp:featuredmedia":[{"embeddable":true,"href":"https:\/\/www.ernstbrunn-apotheke.at\/katalog\/wp-json\/wp\/v2\/media\/88658"}],"wp:attachment":[{"href":"https:\/\/www.ernstbrunn-apotheke.at\/katalog\/wp-json\/wp\/v2\/media?parent=88656"}],"wp:term":[{"taxonomy":"product_brand","embeddable":true,"href":"https:\/\/www.ernstbrunn-apotheke.at\/katalog\/wp-json\/wp\/v2\/product_brand?post=88656"},{"taxonomy":"product_cat","embeddable":true,"href":"https:\/\/www.ernstbrunn-apotheke.at\/katalog\/wp-json\/wp\/v2\/product_cat?post=88656"},{"taxonomy":"product_tag","embeddable":true,"href":"https:\/\/www.ernstbrunn-apotheke.at\/katalog\/wp-json\/wp\/v2\/product_tag?post=88656"}],"curies":[{"name":"wp","href":"https:\/\/api.w.org\/{rel}","templated":true}]}}