{"id":88632,"date":"2025-11-12T06:53:32","date_gmt":"2025-11-12T05:53:32","guid":{"rendered":"https:\/\/www.ernstbrunn-apotheke.at\/katalog\/produkt\/kneipp-koerpermilch-mandelblueten-hautzart-200-ml\/"},"modified":"2025-12-08T20:12:04","modified_gmt":"2025-12-08T19:12:04","slug":"kneipp-koerpermilch-mandelblueten-hautzart-200-ml","status":"publish","type":"product","link":"https:\/\/www.ernstbrunn-apotheke.at\/katalog\/produkt\/kneipp-koerpermilch-mandelblueten-hautzart-200-ml\/","title":{"rendered":"Kneipp K\u00f6rpermilch Mandelbl\u00fcten Hautzart 200 ml"},"content":{"rendered":"<p>Die intensiv pflegende K\u00f6rpermilch ist besonders f\u00fcr trockene und sensible Haut geeignet. Bei trockener Haut ist ein ausgeglichener Fett- und Feuchtigkeitshaushalt unverzichtbar und sensible Haut ben\u00f6tigt milde, hautberuhigende Substanzen.<\/p>\n","protected":false},"excerpt":{"rendered":"<p>Die intensiv pflegende K\u00f6rpermilch ist besonders f\u00fcr trockene und sensible Haut geeignet. Bei trockener Haut ist ein ausgeglichener Fett- und Feuchtigkeitshaushalt unverzichtbar und sensible Haut ben\u00f6tigt milde, hautberuhigende Substanzen.<\/p>\n","protected":false},"featured_media":88634,"template":"","meta":{"_acf_changed":false},"product_brand":[662],"product_cat":[807],"product_tag":[],"class_list":{"0":"post-88632","1":"product","2":"type-product","3":"status-publish","4":"has-post-thumbnail","6":"product_brand-kneipp","7":"product_cat-k","8":"pa_packungsgroesse-200ml","10":"first","11":"instock","12":"shipping-taxable","13":"purchasable","14":"product-type-simple"},"acf":[],"_links":{"self":[{"href":"https:\/\/www.ernstbrunn-apotheke.at\/katalog\/wp-json\/wp\/v2\/product\/88632","targetHints":{"allow":["GET"]}}],"collection":[{"href":"https:\/\/www.ernstbrunn-apotheke.at\/katalog\/wp-json\/wp\/v2\/product"}],"about":[{"href":"https:\/\/www.ernstbrunn-apotheke.at\/katalog\/wp-json\/wp\/v2\/types\/product"}],"wp:featuredmedia":[{"embeddable":true,"href":"https:\/\/www.ernstbrunn-apotheke.at\/katalog\/wp-json\/wp\/v2\/media\/88634"}],"wp:attachment":[{"href":"https:\/\/www.ernstbrunn-apotheke.at\/katalog\/wp-json\/wp\/v2\/media?parent=88632"}],"wp:term":[{"taxonomy":"product_brand","embeddable":true,"href":"https:\/\/www.ernstbrunn-apotheke.at\/katalog\/wp-json\/wp\/v2\/product_brand?post=88632"},{"taxonomy":"product_cat","embeddable":true,"href":"https:\/\/www.ernstbrunn-apotheke.at\/katalog\/wp-json\/wp\/v2\/product_cat?post=88632"},{"taxonomy":"product_tag","embeddable":true,"href":"https:\/\/www.ernstbrunn-apotheke.at\/katalog\/wp-json\/wp\/v2\/product_tag?post=88632"}],"curies":[{"name":"wp","href":"https:\/\/api.w.org\/{rel}","templated":true}]}}