{"id":88328,"date":"2025-11-12T06:48:49","date_gmt":"2025-11-12T05:48:49","guid":{"rendered":"https:\/\/www.ernstbrunn-apotheke.at\/katalog\/produkt\/theiss-ringelblumensalbe-classic-100-ml\/"},"modified":"2025-12-08T20:09:32","modified_gmt":"2025-12-08T19:09:32","slug":"theiss-ringelblumensalbe-classic-100-ml","status":"publish","type":"product","link":"https:\/\/www.ernstbrunn-apotheke.at\/katalog\/produkt\/theiss-ringelblumensalbe-classic-100-ml\/","title":{"rendered":"Theiss Ringelblumensalbe Classic 100 ml"},"content":{"rendered":"<p>Dr. Theiss Ringelblumen-Salbe wird zur Behandlung von oberfl\u00e4chlichen Wunden und Entz\u00fcndungen angewendet. Daneben wird sie auch bei Brandwunden und zur unterst\u00fctzenden Pflege bei Krampfadern empfohlen. Dieses Produkt erhalten Sie in den Packungsgr\u00f6\u00dfen 50ml und 100ml.<\/p>\n","protected":false},"excerpt":{"rendered":"<p>Dr. Theiss Ringelblumen-Salbe wird zur Behandlung von oberfl\u00e4chlichen Wunden und Entz\u00fcndungen angewendet. Daneben wird sie auch bei Brandwunden und zur unterst\u00fctzenden Pflege bei Krampfadern empfohlen. Dieses Produkt erhalten Sie in den Packungsgr\u00f6\u00dfen 50ml und 100ml.<\/p>\n","protected":false},"featured_media":88330,"template":"","meta":{"_acf_changed":false},"product_brand":[715],"product_cat":[798],"product_tag":[],"class_list":{"0":"post-88328","1":"product","2":"type-product","3":"status-publish","4":"has-post-thumbnail","6":"product_brand-theiss","7":"product_cat-t","8":"pa_packungsgroesse-100ml","10":"first","11":"instock","12":"shipping-taxable","13":"purchasable","14":"product-type-simple"},"acf":[],"_links":{"self":[{"href":"https:\/\/www.ernstbrunn-apotheke.at\/katalog\/wp-json\/wp\/v2\/product\/88328","targetHints":{"allow":["GET"]}}],"collection":[{"href":"https:\/\/www.ernstbrunn-apotheke.at\/katalog\/wp-json\/wp\/v2\/product"}],"about":[{"href":"https:\/\/www.ernstbrunn-apotheke.at\/katalog\/wp-json\/wp\/v2\/types\/product"}],"wp:featuredmedia":[{"embeddable":true,"href":"https:\/\/www.ernstbrunn-apotheke.at\/katalog\/wp-json\/wp\/v2\/media\/88330"}],"wp:attachment":[{"href":"https:\/\/www.ernstbrunn-apotheke.at\/katalog\/wp-json\/wp\/v2\/media?parent=88328"}],"wp:term":[{"taxonomy":"product_brand","embeddable":true,"href":"https:\/\/www.ernstbrunn-apotheke.at\/katalog\/wp-json\/wp\/v2\/product_brand?post=88328"},{"taxonomy":"product_cat","embeddable":true,"href":"https:\/\/www.ernstbrunn-apotheke.at\/katalog\/wp-json\/wp\/v2\/product_cat?post=88328"},{"taxonomy":"product_tag","embeddable":true,"href":"https:\/\/www.ernstbrunn-apotheke.at\/katalog\/wp-json\/wp\/v2\/product_tag?post=88328"}],"curies":[{"name":"wp","href":"https:\/\/api.w.org\/{rel}","templated":true}]}}