{"id":87954,"date":"2025-11-12T06:42:34","date_gmt":"2025-11-12T05:42:34","guid":{"rendered":"https:\/\/www.ernstbrunn-apotheke.at\/katalog\/produkt\/australische-buschbluetenessenz-red-grevillea-15-ml\/"},"modified":"2025-12-08T20:06:36","modified_gmt":"2025-12-08T19:06:36","slug":"australische-buschbluetenessenz-red-grevillea-15-ml","status":"publish","type":"product","link":"https:\/\/www.ernstbrunn-apotheke.at\/katalog\/produkt\/australische-buschbluetenessenz-red-grevillea-15-ml\/","title":{"rendered":"Australische Buschbl\u00fctenessenz Red Grevillea 15 ml"},"content":{"rendered":"<p>Australische Buschbl\u00fctenessenz Red Grevillea ist f\u00fcr Menschen, die sich festgefahren f\u00fchlen, die wissen, was sie erreichen m\u00f6chten, sich jedoch nicht dar\u00fcber im klaren sind, wie sie es schaffen k\u00f6nnen. Red Grevillea hilft auch Menschen, die sich zu sehr auf andere verlassen, denn Unabh\u00e4ngigkeit und Unternehmungslust werden gef\u00f6rdert.<\/p>\n","protected":false},"excerpt":{"rendered":"<p>Australische Buschbl\u00fctenessenz Red Grevillea ist f\u00fcr Menschen, die sich festgefahren f\u00fchlen, die wissen, was sie erreichen m\u00f6chten, sich jedoch nicht dar\u00fcber im klaren sind, wie sie es schaffen k\u00f6nnen. Red Grevillea hilft auch Menschen, die sich zu sehr auf andere verlassen, denn Unabh\u00e4ngigkeit und Unternehmungslust werden gef\u00f6rdert.<\/p>\n","protected":false},"featured_media":0,"template":"","meta":{"_acf_changed":false},"product_brand":[930],"product_cat":[801],"product_tag":[],"class_list":{"0":"post-87954","1":"product","2":"type-product","3":"status-publish","5":"product_brand-australische-buschblueten","6":"product_cat-a","7":"pa_packungsgroesse-15ml","9":"first","10":"instock","11":"shipping-taxable","12":"purchasable","13":"product-type-simple"},"acf":[],"_links":{"self":[{"href":"https:\/\/www.ernstbrunn-apotheke.at\/katalog\/wp-json\/wp\/v2\/product\/87954","targetHints":{"allow":["GET"]}}],"collection":[{"href":"https:\/\/www.ernstbrunn-apotheke.at\/katalog\/wp-json\/wp\/v2\/product"}],"about":[{"href":"https:\/\/www.ernstbrunn-apotheke.at\/katalog\/wp-json\/wp\/v2\/types\/product"}],"wp:attachment":[{"href":"https:\/\/www.ernstbrunn-apotheke.at\/katalog\/wp-json\/wp\/v2\/media?parent=87954"}],"wp:term":[{"taxonomy":"product_brand","embeddable":true,"href":"https:\/\/www.ernstbrunn-apotheke.at\/katalog\/wp-json\/wp\/v2\/product_brand?post=87954"},{"taxonomy":"product_cat","embeddable":true,"href":"https:\/\/www.ernstbrunn-apotheke.at\/katalog\/wp-json\/wp\/v2\/product_cat?post=87954"},{"taxonomy":"product_tag","embeddable":true,"href":"https:\/\/www.ernstbrunn-apotheke.at\/katalog\/wp-json\/wp\/v2\/product_tag?post=87954"}],"curies":[{"name":"wp","href":"https:\/\/api.w.org\/{rel}","templated":true}]}}