{"id":87756,"date":"2025-11-12T06:39:23","date_gmt":"2025-11-12T05:39:23","guid":{"rendered":"https:\/\/www.ernstbrunn-apotheke.at\/katalog\/produkt\/kneipp-naturkind-drachenkraft-shampoo-dusche-200-ml\/"},"modified":"2025-12-08T20:04:59","modified_gmt":"2025-12-08T19:04:59","slug":"kneipp-naturkind-drachenkraft-shampoo-dusche-200-ml","status":"publish","type":"product","link":"https:\/\/www.ernstbrunn-apotheke.at\/katalog\/produkt\/kneipp-naturkind-drachenkraft-shampoo-dusche-200-ml\/","title":{"rendered":"Kneipp Naturkind Drachenkraft Shampoo &#038; Dusche 200 ml"},"content":{"rendered":"<p>Ab unter die Dusche mit Kneipp Naturkind Drachenkraft Shampoo &#038; Dusche! Drachenstarker Duft macht Duschen zu einem wahren Erlebnis f\u00fcr kleine Helden. Die milde Formel mit nat\u00fcrlichem Jojoba\u00f6l und wertvollem Panthenol pflegt zarte Kinderhaut und ist besonders sanft zu feinem Kinderhaar.So macht Duschen Spa\u00df \u2013 Haarewaschen ganz ohne Ziepen! Die Kneipp Naturkind Produkte haben wir mit ganz viel Liebe speziell f\u00fcr unsere Kinder entwickelt. Sie sind die ideale Kombination aus Pflege und Spa\u00df &#8211; f\u00fcr Kinder ab 3 Jahren.<\/p>\n","protected":false},"excerpt":{"rendered":"<p>Ab unter die Dusche mit Kneipp Naturkind Drachenkraft Shampoo &#038; Dusche! Drachenstarker Duft macht Duschen zu einem wahren Erlebnis f\u00fcr kleine Helden. Die milde Formel mit nat\u00fcrlichem Jojoba\u00f6l und wertvollem Panthenol pflegt zarte Kinderhaut und ist besonders sanft zu feinem Kinderhaar.So macht Duschen Spa\u00df \u2013 Haarewaschen ganz ohne Ziepen! Die Kneipp Naturkind Produkte haben wir [&hellip;]<\/p>\n","protected":false},"featured_media":0,"template":"","meta":{"_acf_changed":false},"product_brand":[662],"product_cat":[807],"product_tag":[],"class_list":{"0":"post-87756","1":"product","2":"type-product","3":"status-publish","5":"product_brand-kneipp","6":"product_cat-k","7":"pa_packungsgroesse-200ml","9":"first","10":"instock","11":"shipping-taxable","12":"purchasable","13":"product-type-simple"},"acf":[],"_links":{"self":[{"href":"https:\/\/www.ernstbrunn-apotheke.at\/katalog\/wp-json\/wp\/v2\/product\/87756","targetHints":{"allow":["GET"]}}],"collection":[{"href":"https:\/\/www.ernstbrunn-apotheke.at\/katalog\/wp-json\/wp\/v2\/product"}],"about":[{"href":"https:\/\/www.ernstbrunn-apotheke.at\/katalog\/wp-json\/wp\/v2\/types\/product"}],"wp:attachment":[{"href":"https:\/\/www.ernstbrunn-apotheke.at\/katalog\/wp-json\/wp\/v2\/media?parent=87756"}],"wp:term":[{"taxonomy":"product_brand","embeddable":true,"href":"https:\/\/www.ernstbrunn-apotheke.at\/katalog\/wp-json\/wp\/v2\/product_brand?post=87756"},{"taxonomy":"product_cat","embeddable":true,"href":"https:\/\/www.ernstbrunn-apotheke.at\/katalog\/wp-json\/wp\/v2\/product_cat?post=87756"},{"taxonomy":"product_tag","embeddable":true,"href":"https:\/\/www.ernstbrunn-apotheke.at\/katalog\/wp-json\/wp\/v2\/product_tag?post=87756"}],"curies":[{"name":"wp","href":"https:\/\/api.w.org\/{rel}","templated":true}]}}