{"id":87593,"date":"2025-11-12T02:19:14","date_gmt":"2025-11-12T01:19:14","guid":{"rendered":"https:\/\/www.ernstbrunn-apotheke.at\/katalog\/produkt\/antiseptica-flaechendesinfektion-acrylan-1000-ml\/"},"modified":"2025-12-08T20:03:41","modified_gmt":"2025-12-08T19:03:41","slug":"antiseptica-flaechendesinfektion-acrylan-1000-ml","status":"publish","type":"product","link":"https:\/\/www.ernstbrunn-apotheke.at\/katalog\/produkt\/antiseptica-flaechendesinfektion-acrylan-1000-ml\/","title":{"rendered":"Antiseptica Fl\u00e4chendesinfektion Acrylan 1000 ml"},"content":{"rendered":"<p>Antiseptica Fl\u00e4chendesinfektion Acrylan ist ein gebrauchsfertiges, materialschonendes Schnelldesinfektionsmittel. Mit frischem Duft eignet es sich zur Desinfektion von sensiblen Materialien wie Acrylglasfl\u00e4chen, Inkubatoren, Sonnenb\u00e4nken, Kunststoffabdeckungen von Intensivger\u00e4ten, Matzratzenschonbez\u00fcge, Ultraschallk\u00f6pfe und \u00e4hnlichen Materialien. Wirksam gegen Bakterien, Pilze und Viren.<\/p>\n","protected":false},"excerpt":{"rendered":"<p>Antiseptica Fl\u00e4chendesinfektion Acrylan ist ein gebrauchsfertiges, materialschonendes Schnelldesinfektionsmittel. Mit frischem Duft eignet es sich zur Desinfektion von sensiblen Materialien wie Acrylglasfl\u00e4chen, Inkubatoren, Sonnenb\u00e4nken, Kunststoffabdeckungen von Intensivger\u00e4ten, Matzratzenschonbez\u00fcge, Ultraschallk\u00f6pfe und \u00e4hnlichen Materialien. Wirksam gegen Bakterien, Pilze und Viren.<\/p>\n","protected":false},"featured_media":0,"template":"","meta":{"_acf_changed":false},"product_brand":[],"product_cat":[801],"product_tag":[],"class_list":{"0":"post-87593","1":"product","2":"type-product","3":"status-publish","5":"product_cat-a","6":"pa_packungsgroesse-1l","8":"first","9":"instock","10":"shipping-taxable","11":"purchasable","12":"product-type-simple"},"acf":[],"_links":{"self":[{"href":"https:\/\/www.ernstbrunn-apotheke.at\/katalog\/wp-json\/wp\/v2\/product\/87593","targetHints":{"allow":["GET"]}}],"collection":[{"href":"https:\/\/www.ernstbrunn-apotheke.at\/katalog\/wp-json\/wp\/v2\/product"}],"about":[{"href":"https:\/\/www.ernstbrunn-apotheke.at\/katalog\/wp-json\/wp\/v2\/types\/product"}],"wp:attachment":[{"href":"https:\/\/www.ernstbrunn-apotheke.at\/katalog\/wp-json\/wp\/v2\/media?parent=87593"}],"wp:term":[{"taxonomy":"product_brand","embeddable":true,"href":"https:\/\/www.ernstbrunn-apotheke.at\/katalog\/wp-json\/wp\/v2\/product_brand?post=87593"},{"taxonomy":"product_cat","embeddable":true,"href":"https:\/\/www.ernstbrunn-apotheke.at\/katalog\/wp-json\/wp\/v2\/product_cat?post=87593"},{"taxonomy":"product_tag","embeddable":true,"href":"https:\/\/www.ernstbrunn-apotheke.at\/katalog\/wp-json\/wp\/v2\/product_tag?post=87593"}],"curies":[{"name":"wp","href":"https:\/\/api.w.org\/{rel}","templated":true}]}}