{"id":87435,"date":"2025-11-12T02:16:06","date_gmt":"2025-11-12T01:16:06","guid":{"rendered":"https:\/\/www.ernstbrunn-apotheke.at\/katalog\/produkt\/leukoplast-elastic-rolle-6-cm-x-5-m-1-stk\/"},"modified":"2025-12-08T20:02:35","modified_gmt":"2025-12-08T19:02:35","slug":"leukoplast-elastic-rolle-6-cm-x-5-m-1-stk","status":"publish","type":"product","link":"https:\/\/www.ernstbrunn-apotheke.at\/katalog\/produkt\/leukoplast-elastic-rolle-6-cm-x-5-m-1-stk\/","title":{"rendered":"Leukoplast Elastic Rolle 6 cm X 5 m 1 Stk."},"content":{"rendered":"<p>Rollenpflaster sollten m\u00f6glichst individuell auf den Hauttyp und Anwendungsfall abgestimmt sein. Leukoplast\u00ae ist immer dann zu empfehlen, wenn die Fixierung ganz besonders sicher kleben muss. Leukoplast\u00ae ist ein wasserabweisendes, hautfarbenes Fixierpflaster mit wasserabweisender Oberfl\u00e4che f\u00fcr normal empfindliche Haut. Es ist au\u00dfergew\u00f6hnlich zugfest und weist eine hohe Sofort- und Dauerklebkraft auf. Leukoplast\u00ae haftet auch bei starker Belastung fest und sicher und ist luft- und wasserdampfdurchl\u00e4ssig.  Jetzt online bestellen und bares Geld sparen!<\/p>\n","protected":false},"excerpt":{"rendered":"<p>Rollenpflaster sollten m\u00f6glichst individuell auf den Hauttyp und Anwendungsfall abgestimmt sein. Leukoplast\u00ae ist immer dann zu empfehlen, wenn die Fixierung ganz besonders sicher kleben muss. Leukoplast\u00ae ist ein wasserabweisendes, hautfarbenes Fixierpflaster mit wasserabweisender Oberfl\u00e4che f\u00fcr normal empfindliche Haut. Es ist au\u00dfergew\u00f6hnlich zugfest und weist eine hohe Sofort- und Dauerklebkraft auf. Leukoplast\u00ae haftet auch bei starker [&hellip;]<\/p>\n","protected":false},"featured_media":87437,"template":"","meta":{"_acf_changed":false},"product_brand":[980],"product_cat":[795],"product_tag":[],"class_list":{"0":"post-87435","1":"product","2":"type-product","3":"status-publish","4":"has-post-thumbnail","6":"product_brand-leukoplast","7":"product_cat-l","8":"pa_packungsgroesse-500","10":"first","11":"instock","12":"shipping-taxable","13":"purchasable","14":"product-type-simple"},"acf":[],"_links":{"self":[{"href":"https:\/\/www.ernstbrunn-apotheke.at\/katalog\/wp-json\/wp\/v2\/product\/87435","targetHints":{"allow":["GET"]}}],"collection":[{"href":"https:\/\/www.ernstbrunn-apotheke.at\/katalog\/wp-json\/wp\/v2\/product"}],"about":[{"href":"https:\/\/www.ernstbrunn-apotheke.at\/katalog\/wp-json\/wp\/v2\/types\/product"}],"wp:featuredmedia":[{"embeddable":true,"href":"https:\/\/www.ernstbrunn-apotheke.at\/katalog\/wp-json\/wp\/v2\/media\/87437"}],"wp:attachment":[{"href":"https:\/\/www.ernstbrunn-apotheke.at\/katalog\/wp-json\/wp\/v2\/media?parent=87435"}],"wp:term":[{"taxonomy":"product_brand","embeddable":true,"href":"https:\/\/www.ernstbrunn-apotheke.at\/katalog\/wp-json\/wp\/v2\/product_brand?post=87435"},{"taxonomy":"product_cat","embeddable":true,"href":"https:\/\/www.ernstbrunn-apotheke.at\/katalog\/wp-json\/wp\/v2\/product_cat?post=87435"},{"taxonomy":"product_tag","embeddable":true,"href":"https:\/\/www.ernstbrunn-apotheke.at\/katalog\/wp-json\/wp\/v2\/product_tag?post=87435"}],"curies":[{"name":"wp","href":"https:\/\/api.w.org\/{rel}","templated":true}]}}